Last updated on 2024-05-16 06:57:52 CEST.
Flavor | Version | Tinstall | Tcheck | Ttotal | Status | Flags |
---|---|---|---|---|---|---|
r-devel-linux-x86_64-debian-clang | 3.0.5 | 117.16 | 410.05 | 527.21 | NOTE | |
r-devel-linux-x86_64-debian-gcc | 3.0.5 | 85.09 | 2048.98 | 2134.07 | ERROR | |
r-devel-linux-x86_64-fedora-clang | 3.0.5 | 674.19 | NOTE | |||
r-devel-linux-x86_64-fedora-gcc | 3.0.5 | 817.21 | NOTE | |||
r-devel-windows-x86_64 | 3.0.5 | 89.00 | 378.00 | 467.00 | NOTE | |
r-patched-linux-x86_64 | 3.0.5 | 128.70 | 382.64 | 511.34 | NOTE | |
r-release-linux-x86_64 | 3.0.5 | 113.48 | 390.41 | 503.89 | NOTE | |
r-release-macos-arm64 | 3.0.5 | 193.00 | NOTE | |||
r-release-windows-x86_64 | 3.0.5 | 93.00 | 382.00 | 475.00 | NOTE | |
r-oldrel-macos-arm64 | 3.0.5 | 229.00 | NOTE | |||
r-oldrel-macos-x86_64 | 3.0.5 | 363.00 | NOTE | |||
r-oldrel-windows-x86_64 | 3.0.5 | 109.00 | 460.00 | 569.00 | NOTE |
Version: 3.0.5
Check: C++ specification
Result: NOTE
Specified C++11: please drop specification unless essential
Flavors: r-devel-linux-x86_64-debian-clang, r-devel-linux-x86_64-debian-gcc, r-devel-linux-x86_64-fedora-clang, r-devel-linux-x86_64-fedora-gcc, r-devel-windows-x86_64, r-patched-linux-x86_64, r-release-linux-x86_64, r-release-macos-arm64, r-release-windows-x86_64, r-oldrel-macos-arm64, r-oldrel-macos-x86_64, r-oldrel-windows-x86_64
Version: 3.0.5
Check: examples
Result: ERROR
Running examples in ‘textmineR-Ex.R’ failed
The error most likely occurred in:
> base::assign(".ptime", proc.time(), pos = "CheckExEnv")
> ### Name: FitCtmModel
> ### Title: Fit a Correlated Topic Model
> ### Aliases: FitCtmModel
>
> ### ** Examples
>
> # Load a pre-formatted dtm
> data(nih_sample_dtm)
>
> # Fit a CTM model on a sample of documents
> model <- FitCtmModel(dtm = nih_sample_dtm[ sample(1:nrow(nih_sample_dtm) , 10) , ],
+ k = 3, return_all = FALSE)
Killed
Flavor: r-devel-linux-x86_64-debian-gcc
Version: 3.0.5
Check: Rd cross-references
Result: NOTE
Undeclared package ‘tm’ in Rd xrefs
Flavor: r-devel-linux-x86_64-fedora-clang
Version: 3.0.5
Check: installed package size
Result: NOTE
installed size is 5.1Mb
sub-directories of 1Mb or more:
libs 3.2Mb
Flavors: r-release-macos-arm64, r-oldrel-macos-arm64, r-oldrel-macos-x86_64