Last updated on 2024-05-04 06:52:25 CEST.
Flavor | Version | Tinstall | Tcheck | Ttotal | Status | Flags |
---|---|---|---|---|---|---|
r-devel-linux-x86_64-debian-clang | 1.1.0 | 4.15 | 40.80 | 44.95 | OK | |
r-devel-linux-x86_64-debian-gcc | 1.1.0 | 2.88 | 29.96 | 32.84 | OK | |
r-devel-linux-x86_64-fedora-clang | 1.1.0 | 54.42 | OK | |||
r-devel-linux-x86_64-fedora-gcc | 1.1.0 | 51.66 | OK | |||
r-devel-windows-x86_64 | 1.1.0 | 6.00 | 94.00 | 100.00 | OK | |
r-patched-linux-x86_64 | 1.1.0 | 3.90 | 38.99 | 42.89 | OK | |
r-release-linux-x86_64 | 1.1.0 | 2.13 | 38.01 | 40.14 | OK | |
r-release-macos-arm64 | 1.1.0 | 22.00 | OK | |||
r-release-windows-x86_64 | 1.1.0 | 5.00 | 45.00 | 50.00 | ERROR | |
r-oldrel-macos-arm64 | 1.1.0 | 26.00 | OK | |||
r-oldrel-macos-x86_64 | 1.1.0 | 31.00 | OK | |||
r-oldrel-windows-x86_64 | 1.1.0 | 6.00 | 84.00 | 90.00 | OK |
Version: 1.1.0
Check: examples
Result: ERROR
Running examples in 'studentlife-Ex.R' failed
The error most likely occurred in:
> ### Name: PAM_categorise
> ### Title: PAM_categorise
> ### Aliases: PAM_categorise
>
> ### ** Examples
>
> d <- tempdir()
> download_studentlife(location = d, url = "testdata")
Downloading the small sample dataset...
trying URL 'https://raw.githubusercontent.com/frycast/studentlife/master/tests/testthat/testdata/sample/sample_dataset.tar.bz2'
Warning in utils::download.file(url = url, destfile = p, cacheOK = FALSE) :
URL 'https://raw.githubusercontent.com/frycast/studentlife/master/tests/testthat/testdata/sample/sample_dataset.tar.bz2': status was 'SSL connect error'
Error in utils::download.file(url = url, destfile = p, cacheOK = FALSE) :
cannot open URL 'https://raw.githubusercontent.com/frycast/studentlife/master/tests/testthat/testdata/sample/sample_dataset.tar.bz2'
Calls: download_studentlife -> <Anonymous>
Execution halted
Flavor: r-release-windows-x86_64