Last updated on 2024-05-21 18:49:32 CEST.
Flavor | Version | Tinstall | Tcheck | Ttotal | Status | Flags |
---|---|---|---|---|---|---|
r-devel-linux-x86_64-debian-clang | 0.2.2 | 5.78 | 33.43 | 39.21 | NOTE | |
r-devel-linux-x86_64-debian-gcc | 0.2.2 | 4.08 | 25.64 | 29.72 | NOTE | |
r-devel-linux-x86_64-fedora-clang | 0.2.2 | 49.22 | NOTE | |||
r-devel-linux-x86_64-fedora-gcc | 0.2.2 | 46.29 | NOTE | |||
r-devel-windows-x86_64 | 0.2.2 | 5.00 | 49.00 | 54.00 | NOTE | |
r-patched-linux-x86_64 | 0.2.2 | 5.86 | 32.43 | 38.29 | NOTE | |
r-release-linux-x86_64 | 0.2.2 | 4.99 | 32.70 | 37.69 | NOTE | |
r-release-macos-arm64 | 0.2.2 | 20.00 | NOTE | |||
r-release-windows-x86_64 | 0.2.2 | 5.00 | 49.00 | 54.00 | NOTE | |
r-oldrel-macos-arm64 | 0.2.2 | 21.00 | OK | |||
r-oldrel-macos-x86_64 | 0.2.2 | 27.00 | OK | |||
r-oldrel-windows-x86_64 | 0.2.2 | 7.00 | 52.00 | 59.00 | OK |
Version: 0.2.2
Check: Rd files
Result: NOTE
checkRd: (-1) spsOption.Rd:29: Lost braces; missing escapes or markup?
29 | Some functions in {spsUtil}, {spsComps} and {systempPipeShiny} will behave
| ^
checkRd: (-1) spsOption.Rd:29: Lost braces; missing escapes or markup?
29 | Some functions in {spsUtil}, {spsComps} and {systempPipeShiny} will behave
| ^
checkRd: (-1) spsOption.Rd:29: Lost braces; missing escapes or markup?
29 | Some functions in {spsUtil}, {spsComps} and {systempPipeShiny} will behave
| ^
Flavors: r-devel-linux-x86_64-debian-clang, r-devel-linux-x86_64-debian-gcc, r-devel-linux-x86_64-fedora-clang, r-devel-linux-x86_64-fedora-gcc, r-devel-windows-x86_64, r-patched-linux-x86_64, r-release-linux-x86_64, r-release-macos-arm64, r-release-windows-x86_64
Version: 0.2.2
Check: Rd cross-references
Result: NOTE
Undeclared package ‘shiny’ in Rd xrefs
Flavor: r-devel-linux-x86_64-fedora-clang