Last updated on 2024-04-29 06:58:35 CEST.
Flavor | Version | Tinstall | Tcheck | Ttotal | Status | Flags |
---|---|---|---|---|---|---|
r-devel-linux-x86_64-debian-clang | 0.1.1 | 3.30 | 61.25 | 64.55 | NOTE | |
r-devel-linux-x86_64-debian-gcc | 0.1.1 | 2.19 | 44.13 | 46.32 | NOTE | |
r-devel-linux-x86_64-fedora-clang | 0.1.1 | 84.18 | NOTE | |||
r-devel-linux-x86_64-fedora-gcc | 0.1.1 | 90.05 | NOTE | |||
r-devel-windows-x86_64 | 0.1.1 | 3.00 | 93.00 | 96.00 | NOTE | |
r-patched-linux-x86_64 | 0.1.1 | 3.17 | 56.85 | 60.02 | NOTE | |
r-release-linux-x86_64 | 0.1.1 | 3.14 | 55.90 | 59.04 | NOTE | |
r-release-macos-arm64 | 0.1.1 | 33.00 | NOTE | |||
r-release-windows-x86_64 | 0.1.1 | 3.00 | 91.00 | 94.00 | NOTE | |
r-oldrel-macos-arm64 | 0.1.1 | 36.00 | OK | |||
r-oldrel-macos-x86_64 | 0.1.1 | 49.00 | OK | |||
r-oldrel-windows-x86_64 | 0.1.1 | 4.00 | 90.00 | 94.00 | OK |
Version: 0.1.1
Check: Rd files
Result: NOTE
checkRd: (-1) fit_slim.Rd:24: Lost braces; missing escapes or markup?
24 | sum(x' V^{-1} (y - x beta)) = 0 as the covariance V tends from V[, , 1] +
| ^
Flavors: r-devel-linux-x86_64-debian-clang, r-devel-linux-x86_64-debian-gcc, r-devel-linux-x86_64-fedora-clang, r-devel-linux-x86_64-fedora-gcc, r-devel-windows-x86_64, r-patched-linux-x86_64, r-release-linux-x86_64, r-release-macos-arm64, r-release-windows-x86_64