Last updated on 2024-05-09 18:51:47 CEST.
Flavor | Version | Tinstall | Tcheck | Ttotal | Status | Flags |
---|---|---|---|---|---|---|
r-devel-linux-x86_64-debian-clang | 0.4.2 | 7.26 | 47.09 | 54.35 | NOTE | |
r-devel-linux-x86_64-debian-gcc | 0.4.2 | 4.80 | 34.91 | 39.71 | NOTE | |
r-devel-linux-x86_64-fedora-clang | 0.4.2 | 70.47 | NOTE | |||
r-devel-linux-x86_64-fedora-gcc | 0.4.2 | 124.68 | NOTE | |||
r-devel-windows-x86_64 | 0.4.2 | 8.00 | 58.00 | 66.00 | NOTE | |
r-patched-linux-x86_64 | 0.4.2 | 8.70 | 43.07 | 51.77 | NOTE | |
r-release-linux-x86_64 | 0.4.2 | 6.67 | 44.76 | 51.43 | NOTE | |
r-release-macos-arm64 | 0.4.2 | 36.00 | NOTE | |||
r-release-windows-x86_64 | 0.4.2 | 8.00 | 57.00 | 65.00 | NOTE | |
r-oldrel-macos-arm64 | 0.4.2 | 32.00 | NOTE | |||
r-oldrel-macos-x86_64 | 0.4.2 | 48.00 | NOTE | |||
r-oldrel-windows-x86_64 | 0.4.2 | 11.00 | 62.00 | 73.00 | NOTE |
Version: 0.4.2
Check: HTML version of manual
Result: NOTE
Found the following HTML validation problems:
get_arg_help.html:43:1 (get_arg_help.Rd:13): Warning: trimming empty <dt>
get_desc_help.html:43:1 (get_desc_help.Rd:13): Warning: trimming empty <dt>
get_usage_help.html:43:1 (get_usage_help.Rd:13): Warning: trimming empty <dt>
Flavors: r-devel-linux-x86_64-debian-clang, r-devel-linux-x86_64-debian-gcc, r-devel-linux-x86_64-fedora-clang, r-devel-linux-x86_64-fedora-gcc, r-devel-windows-x86_64, r-patched-linux-x86_64, r-release-linux-x86_64, r-release-windows-x86_64
Version: 0.4.2
Check: installed package size
Result: NOTE
installed size is 8.1Mb
sub-directories of 1Mb or more:
www 7.7Mb
Flavors: r-devel-linux-x86_64-fedora-clang, r-devel-windows-x86_64, r-release-macos-arm64, r-release-windows-x86_64, r-oldrel-macos-arm64, r-oldrel-macos-x86_64, r-oldrel-windows-x86_64