Last updated on 2024-05-13 06:52:18 CEST.
Flavor | Version | Tinstall | Tcheck | Ttotal | Status | Flags |
---|---|---|---|---|---|---|
r-devel-linux-x86_64-debian-clang | 0.6-13 | 10.80 | 108.13 | 118.93 | NOTE | |
r-devel-linux-x86_64-debian-gcc | 0.6-13 | 8.23 | 74.44 | 82.67 | OK | |
r-devel-linux-x86_64-fedora-clang | 0.6-13 | 155.67 | NOTE | |||
r-devel-linux-x86_64-fedora-gcc | 0.6-13 | 157.59 | NOTE | |||
r-devel-windows-x86_64 | 0.6-13 | 10.00 | 116.00 | 126.00 | NOTE | |
r-patched-linux-x86_64 | 0.6-13 | 12.68 | 98.10 | 110.78 | NOTE | |
r-release-linux-x86_64 | 0.6-13 | 13.48 | 99.43 | 112.91 | NOTE | |
r-release-macos-arm64 | 0.6-13 | 44.00 | NOTE | |||
r-release-windows-x86_64 | 0.6-13 | 11.00 | 114.00 | 125.00 | NOTE | |
r-oldrel-macos-arm64 | 0.6-13 | 51.00 | NOTE | |||
r-oldrel-macos-x86_64 | 0.6-13 | 82.00 | NOTE | |||
r-oldrel-windows-x86_64 | 0.6-13 | 14.00 | 123.00 | 137.00 | NOTE |
Version: 0.6-13
Check: package dependencies
Result: NOTE
Package which this enhances but not available for checking: ‘Rcplex’
Flavors: r-devel-linux-x86_64-debian-clang, r-devel-linux-x86_64-fedora-clang, r-devel-linux-x86_64-fedora-gcc, r-devel-windows-x86_64, r-patched-linux-x86_64, r-release-linux-x86_64, r-release-macos-arm64, r-release-windows-x86_64, r-oldrel-macos-arm64, r-oldrel-macos-x86_64, r-oldrel-windows-x86_64
Version: 0.6-13
Check: Rd cross-references
Result: NOTE
Undeclared package ‘graph’ in Rd xrefs
Flavor: r-devel-linux-x86_64-fedora-clang