Last updated on 2024-05-19 06:57:44 CEST.
Flavor | Version | Tinstall | Tcheck | Ttotal | Status | Flags |
---|---|---|---|---|---|---|
r-devel-linux-x86_64-debian-clang | 1.0.0 | 4.36 | 37.36 | 41.72 | NOTE | |
r-devel-linux-x86_64-debian-gcc | 1.0.0 | 2.74 | 28.41 | 31.15 | NOTE | |
r-devel-linux-x86_64-fedora-clang | 1.0.0 | 50.18 | NOTE | |||
r-devel-linux-x86_64-fedora-gcc | 1.0.0 | 100.06 | NOTE | |||
r-devel-windows-x86_64 | 1.0.0 | 4.00 | 54.00 | 58.00 | NOTE | |
r-patched-linux-x86_64 | 1.0.0 | 3.35 | 34.98 | 38.33 | NOTE | |
r-release-linux-x86_64 | 1.0.0 | 3.90 | 35.17 | 39.07 | NOTE | |
r-release-macos-arm64 | 1.0.0 | 20.00 | NOTE | |||
r-release-windows-x86_64 | 1.0.0 | 6.00 | 54.00 | 60.00 | NOTE | |
r-oldrel-macos-arm64 | 1.0.0 | 22.00 | NOTE | |||
r-oldrel-macos-x86_64 | 1.0.0 | 28.00 | NOTE | |||
r-oldrel-windows-x86_64 | 1.0.0 | 5.00 | 58.00 | 63.00 | NOTE |
Version: 1.0.0
Check: LazyData
Result: NOTE
'LazyData' is specified without a 'data' directory
Flavors: r-devel-linux-x86_64-debian-clang, r-devel-linux-x86_64-debian-gcc, r-devel-linux-x86_64-fedora-clang, r-devel-linux-x86_64-fedora-gcc, r-devel-windows-x86_64, r-patched-linux-x86_64, r-release-linux-x86_64, r-release-macos-arm64, r-release-windows-x86_64, r-oldrel-macos-arm64, r-oldrel-macos-x86_64, r-oldrel-windows-x86_64