Last updated on 2024-05-02 18:48:21 CEST.
Flavor | Version | Tinstall | Tcheck | Ttotal | Status | Flags |
---|---|---|---|---|---|---|
r-devel-linux-x86_64-debian-clang | 0.0.5 | 2.67 | 38.49 | 41.16 | OK | |
r-devel-linux-x86_64-debian-gcc | 0.0.5 | 2.07 | 28.79 | 30.86 | OK | |
r-devel-linux-x86_64-fedora-clang | 0.0.5 | 50.59 | NOTE | |||
r-devel-linux-x86_64-fedora-gcc | 0.0.5 | 47.77 | NOTE | |||
r-devel-windows-x86_64 | 0.0.5 | 4.00 | 50.00 | 54.00 | OK | |
r-patched-linux-x86_64 | 0.0.5 | 2.60 | 36.35 | 38.95 | OK | |
r-release-linux-x86_64 | 0.0.5 | 1.69 | 36.75 | 38.44 | OK | |
r-release-macos-arm64 | 0.0.5 | 21.00 | OK | |||
r-release-macos-x86_64 | 0.0.5 | 43.00 | OK | |||
r-release-windows-x86_64 | 0.0.5 | 4.00 | 51.00 | 55.00 | OK | |
r-oldrel-macos-arm64 | 0.0.5 | 24.00 | OK | |||
r-oldrel-macos-x86_64 | 0.0.5 | 36.00 | OK | |||
r-oldrel-windows-x86_64 | 0.0.5 | 4.00 | 53.00 | 57.00 | OK |
Version: 0.0.5
Check: dependencies in R code
Result: NOTE
Namespaces in Imports field not imported from:
‘rpart’ ‘withr’
All declared Imports should be used.
Flavors: r-devel-linux-x86_64-fedora-clang, r-devel-linux-x86_64-fedora-gcc