Last updated on 2024-05-14 18:49:33 CEST.
Flavor | Version | Tinstall | Tcheck | Ttotal | Status | Flags |
---|---|---|---|---|---|---|
r-devel-linux-x86_64-debian-clang | 2.11.1 | 75.51 | 492.32 | 567.83 | NOTE | |
r-devel-linux-x86_64-debian-gcc | 2.11.1 | 59.08 | 355.68 | 414.76 | NOTE | |
r-devel-linux-x86_64-fedora-clang | 2.11.1 | 732.27 | NOTE | |||
r-devel-linux-x86_64-fedora-gcc | 2.11.1 | 95.72 | FAIL | |||
r-devel-windows-x86_64 | 2.11.1 | 60.00 | 354.00 | 414.00 | NOTE | |
r-patched-linux-x86_64 | 2.11.1 | 78.90 | 478.26 | 557.16 | NOTE | |
r-release-linux-x86_64 | 2.11.1 | 74.67 | 464.89 | 539.56 | NOTE | |
r-release-macos-arm64 | 2.11.1 | 175.00 | NOTE | |||
r-release-windows-x86_64 | 2.11.1 | 60.00 | 348.00 | 408.00 | NOTE | |
r-oldrel-macos-arm64 | 2.11.1 | 199.00 | NOTE | |||
r-oldrel-macos-x86_64 | 2.11.1 | 324.00 | NOTE | |||
r-oldrel-windows-x86_64 | 2.11.1 | 75.00 | 465.00 | 540.00 | NOTE |
Version: 2.11.1
Check: C++ specification
Result: NOTE
Specified C++11: please drop specification unless essential
Flavors: r-devel-linux-x86_64-debian-clang, r-devel-linux-x86_64-debian-gcc, r-devel-linux-x86_64-fedora-clang, r-devel-windows-x86_64, r-patched-linux-x86_64, r-release-linux-x86_64, r-release-macos-arm64, r-release-windows-x86_64, r-oldrel-macos-arm64, r-oldrel-macos-x86_64, r-oldrel-windows-x86_64
Version: 2.11.1
Check: whether package can be installed
Result: FAIL
Flavor: r-devel-linux-x86_64-fedora-gcc
Version: 2.11.1
Check: installed package size
Result: NOTE
installed size is 5.1Mb
sub-directories of 1Mb or more:
doc 1.5Mb
libs 1.2Mb
Flavors: r-devel-windows-x86_64, r-release-macos-arm64, r-release-windows-x86_64, r-oldrel-macos-arm64, r-oldrel-macos-x86_64, r-oldrel-windows-x86_64
Version: 2.11.1
Check: package dependencies
Result: NOTE
Package suggested but not available for checking: ‘seqLogo’
Flavor: r-oldrel-macos-arm64
Version: 2.11.1
Check: package dependencies
Result: NOTE
Packages suggested but not available for checking: 'Biostrings', 'seqLogo'
Flavor: r-oldrel-macos-x86_64