Last updated on 2024-05-09 18:51:42 CEST.
Flavor | Version | Tinstall | Tcheck | Ttotal | Status | Flags |
---|---|---|---|---|---|---|
r-devel-linux-x86_64-debian-clang | 0.1.0 | 2.64 | 39.83 | 42.47 | OK | |
r-devel-linux-x86_64-debian-gcc | 0.1.0 | 1.86 | 31.57 | 33.43 | OK | |
r-devel-linux-x86_64-fedora-clang | 0.1.0 | 55.97 | NOTE | |||
r-devel-linux-x86_64-fedora-gcc | 0.1.0 | 75.25 | NOTE | |||
r-devel-windows-x86_64 | 0.1.0 | 4.00 | 55.00 | 59.00 | OK | |
r-patched-linux-x86_64 | 0.1.0 | 2.85 | 38.11 | 40.96 | OK | |
r-release-linux-x86_64 | 0.1.0 | 2.86 | 38.75 | 41.61 | OK | |
r-release-macos-arm64 | 0.1.0 | 28.00 | OK | |||
r-release-windows-x86_64 | 0.1.0 | 4.00 | 54.00 | 58.00 | OK | |
r-oldrel-macos-arm64 | 0.1.0 | 28.00 | OK | |||
r-oldrel-macos-x86_64 | 0.1.0 | 42.00 | OK | |||
r-oldrel-windows-x86_64 | 0.1.0 | 4.00 | 53.00 | 57.00 | OK |
Version: 0.1.0
Check: data for non-ASCII characters
Result: NOTE
Note: found 6 marked UTF-8 strings
Flavors: r-devel-linux-x86_64-fedora-clang, r-devel-linux-x86_64-fedora-gcc