Last updated on 2024-05-14 18:49:32 CEST.
Flavor | Version | Tinstall | Tcheck | Ttotal | Status | Flags |
---|---|---|---|---|---|---|
r-devel-linux-x86_64-debian-clang | 1.4.0 | 55.29 | 186.32 | 241.61 | NOTE | |
r-devel-linux-x86_64-debian-gcc | 1.4.0 | 41.44 | 138.46 | 179.90 | NOTE | |
r-devel-linux-x86_64-fedora-clang | 1.4.0 | 2.43 | ERROR | |||
r-devel-linux-x86_64-fedora-gcc | 1.4.0 | 2.52 | ERROR | |||
r-devel-windows-x86_64 | 1.4.0 | 48.00 | 176.00 | 224.00 | NOTE | |
r-patched-linux-x86_64 | 1.4.0 | 49.45 | 176.37 | 225.82 | NOTE | |
r-release-linux-x86_64 | 1.4.0 | 45.69 | 179.13 | 224.82 | NOTE | |
r-release-macos-arm64 | 1.4.0 | 78.00 | NOTE | |||
r-release-macos-x86_64 | 1.4.0 | 229.00 | NOTE | |||
r-release-windows-x86_64 | 1.4.0 | 45.00 | 184.00 | 229.00 | NOTE | |
r-oldrel-macos-arm64 | 1.4.0 | 80.00 | NOTE | |||
r-oldrel-macos-x86_64 | 1.4.0 | 217.00 | NOTE | |||
r-oldrel-windows-x86_64 | 1.4.0 | 63.00 | 223.00 | 286.00 | NOTE |
Version: 1.4.0
Check: for GNU extensions in Makefiles
Result: NOTE
GNU make is a SystemRequirements.
Flavors: r-devel-linux-x86_64-debian-clang, r-devel-linux-x86_64-debian-gcc, r-devel-windows-x86_64, r-patched-linux-x86_64, r-release-linux-x86_64, r-release-macos-arm64, r-release-macos-x86_64, r-release-windows-x86_64, r-oldrel-macos-arm64, r-oldrel-macos-x86_64, r-oldrel-windows-x86_64
Version: 1.4.0
Check: package dependencies
Result: ERROR
Package required but not available: ‘scistreer’
Imports includes 31 non-default packages.
Importing from so many packages makes the package vulnerable to any of
them becoming unavailable. Move as many as possible to Suggests and
use conditionally.
See section ‘The DESCRIPTION file’ in the ‘Writing R Extensions’
manual.
Flavor: r-devel-linux-x86_64-fedora-clang
Version: 1.4.0
Check: package dependencies
Result: ERROR
Package required but not available: ‘scistreer’
See section ‘The DESCRIPTION file’ in the ‘Writing R Extensions’
manual.
Flavor: r-devel-linux-x86_64-fedora-gcc
Version: 1.4.0
Check: installed package size
Result: NOTE
installed size is 5.6Mb
sub-directories of 1Mb or more:
data 4.1Mb
Flavors: r-devel-windows-x86_64, r-release-macos-arm64, r-release-macos-x86_64, r-release-windows-x86_64, r-oldrel-macos-arm64, r-oldrel-macos-x86_64, r-oldrel-windows-x86_64