Last updated on 2024-06-04 18:47:55 CEST.
Flavor | Version | Tinstall | Tcheck | Ttotal | Status | Flags |
---|---|---|---|---|---|---|
r-devel-linux-x86_64-debian-clang | 0.2.0 | 5.04 | 61.37 | 66.41 | NOTE | |
r-devel-linux-x86_64-debian-gcc | 0.2.0 | 5.71 | 46.11 | 51.82 | NOTE | |
r-devel-linux-x86_64-fedora-clang | 0.2.0 | 91.30 | NOTE | |||
r-devel-linux-x86_64-fedora-gcc | 0.2.0 | 80.15 | NOTE | |||
r-devel-windows-x86_64 | 0.2.0 | 7.00 | 60.00 | 67.00 | NOTE | |
r-patched-linux-x86_64 | 0.2.0 | 5.49 | 57.35 | 62.84 | NOTE | |
r-release-linux-x86_64 | 0.2.0 | 5.70 | 58.65 | 64.35 | NOTE | |
r-release-macos-arm64 | 0.2.0 | 27.00 | NOTE | |||
r-release-windows-x86_64 | 0.2.0 | 7.00 | 60.00 | 67.00 | NOTE | |
r-oldrel-macos-arm64 | 0.2.0 | 32.00 | NOTE | |||
r-oldrel-macos-x86_64 | 0.2.0 | 48.00 | NOTE | |||
r-oldrel-windows-x86_64 | 0.2.0 | 8.00 | 70.00 | 78.00 | NOTE |
Version: 0.2.0
Check: LazyData
Result: NOTE
'LazyData' is specified without a 'data' directory
Flavors: r-devel-linux-x86_64-debian-clang, r-devel-linux-x86_64-debian-gcc, r-devel-linux-x86_64-fedora-clang, r-devel-linux-x86_64-fedora-gcc, r-devel-windows-x86_64, r-patched-linux-x86_64, r-release-linux-x86_64, r-release-macos-arm64, r-release-windows-x86_64, r-oldrel-macos-arm64, r-oldrel-macos-x86_64, r-oldrel-windows-x86_64