Last updated on 2024-04-28 18:51:38 CEST.
Flavor | Version | Tinstall | Tcheck | Ttotal | Status | Flags |
---|---|---|---|---|---|---|
r-devel-linux-x86_64-debian-clang | 0.5.1 | 4.56 | 39.54 | 44.10 | NOTE | |
r-devel-linux-x86_64-debian-gcc | 0.5.1 | 4.38 | 29.08 | 33.46 | NOTE | |
r-devel-linux-x86_64-fedora-clang | 0.5.1 | 57.13 | NOTE | |||
r-devel-linux-x86_64-fedora-gcc | 0.5.1 | 52.72 | NOTE | |||
r-devel-windows-x86_64 | 0.5.1 | 8.00 | 61.00 | 69.00 | NOTE | |
r-patched-linux-x86_64 | 0.5.1 | 6.13 | 37.16 | 43.29 | OK | |
r-release-linux-x86_64 | 0.5.1 | 4.36 | 37.21 | 41.57 | OK | |
r-release-macos-arm64 | 0.5.1 | 23.00 | OK | |||
r-release-windows-x86_64 | 0.5.1 | 10.00 | 60.00 | 70.00 | OK | |
r-oldrel-macos-arm64 | 0.5.1 | 41.00 | OK | |||
r-oldrel-macos-x86_64 | 0.5.1 | 81.00 | OK | |||
r-oldrel-windows-x86_64 | 0.5.1 | 11.00 | 61.00 | 72.00 | OK |
Version: 0.5.1
Check: compiled code
Result: NOTE
File ‘nseval/libs/nseval.so’:
Found non-API calls to R: ‘R_PromiseExpr’, ‘SET_PRCODE’, ‘SET_PRENV’,
‘SET_PRVALUE’
Compiled code should not call non-API entry points in R.
See ‘Writing portable packages’ in the ‘Writing R Extensions’ manual.
Flavors: r-devel-linux-x86_64-debian-clang, r-devel-linux-x86_64-debian-gcc, r-devel-linux-x86_64-fedora-clang, r-devel-linux-x86_64-fedora-gcc
Version: 0.5.1
Check: compiled code
Result: NOTE
File 'nseval/libs/x64/nseval.dll':
Found non-API calls to R: 'R_PromiseExpr', 'SET_PRCODE', 'SET_PRENV',
'SET_PRVALUE'
Compiled code should not call non-API entry points in R.
See 'Writing portable packages' in the 'Writing R Extensions' manual.
Flavor: r-devel-windows-x86_64