Last updated on 2024-05-28 06:58:38 CEST.
Flavor | Version | Tinstall | Tcheck | Ttotal | Status | Flags |
---|---|---|---|---|---|---|
r-devel-linux-x86_64-debian-clang | 3.1.1 | 24.55 | 128.19 | 152.74 | OK | |
r-devel-linux-x86_64-debian-gcc | 3.1.1 | 17.75 | 88.53 | 106.28 | WARN | |
r-devel-linux-x86_64-fedora-clang | 3.1.1 | 198.43 | OK | |||
r-devel-linux-x86_64-fedora-gcc | 3.1.1 | 188.11 | OK | |||
r-devel-windows-x86_64 | 3.1.1 | 16.00 | 111.00 | 127.00 | OK | |
r-patched-linux-x86_64 | 3.1.1 | 21.22 | 118.19 | 139.41 | OK | |
r-release-linux-x86_64 | 3.1.1 | 24.44 | 123.25 | 147.69 | OK | |
r-release-macos-arm64 | 3.1.1 | 49.00 | OK | |||
r-release-windows-x86_64 | 3.1.1 | 20.00 | 113.00 | 133.00 | OK | |
r-oldrel-macos-arm64 | 3.1.1 | 50.00 | OK | |||
r-oldrel-macos-x86_64 | 3.1.1 | 201.00 | OK | |||
r-oldrel-windows-x86_64 | 3.1.1 | 26.00 | 130.00 | 156.00 | OK |
Version: 3.1.1
Check: re-building of vignette outputs
Result: WARN
Error(s) in re-building vignettes:
...
--- re-building ‘TwoModeNetworks.Rnw’ using knitr
Error: processing vignette 'TwoModeNetworks.Rnw' failed with diagnostics:
Running 'texi2dvi' on 'TwoModeNetworks.tex' failed.
LaTeX errors:
! Undefined control sequence.
l.90 \hldef
{> }\hlcom{# Fruits data set with attributes}
?
! Emergency stop.
! Emergency stop.
l.90
End of file on the terminal!
! ==> Fatal error occurred, no output PDF file produced!
--- failed re-building ‘TwoModeNetworks.Rnw’
SUMMARY: processing the following file failed:
‘TwoModeNetworks.Rnw’
Error: Vignette re-building failed.
Execution halted
Flavor: r-devel-linux-x86_64-debian-gcc