Last updated on 2024-04-28 06:56:04 CEST.
Flavor | Version | Tinstall | Tcheck | Ttotal | Status | Flags |
---|---|---|---|---|---|---|
r-devel-linux-x86_64-debian-clang | 0.2 | 4.52 | 65.26 | 69.78 | OK | |
r-devel-linux-x86_64-debian-gcc | 0.2 | 3.35 | 48.96 | 52.31 | OK | |
r-devel-linux-x86_64-fedora-clang | 0.2 | 87.90 | NOTE | |||
r-devel-linux-x86_64-fedora-gcc | 0.2 | 97.10 | NOTE | |||
r-devel-windows-x86_64 | 0.2 | 7.00 | 77.00 | 84.00 | OK | |
r-patched-linux-x86_64 | 0.2 | 4.76 | 61.65 | 66.41 | OK | |
r-release-linux-x86_64 | 0.2 | 4.26 | 61.43 | 65.69 | OK | |
r-release-macos-arm64 | 0.2 | 38.00 | OK | |||
r-release-windows-x86_64 | 0.2 | 7.00 | 81.00 | 88.00 | OK | |
r-oldrel-macos-arm64 | 0.2 | 42.00 | OK | |||
r-oldrel-macos-x86_64 | 0.2 | 63.00 | OK | |||
r-oldrel-windows-x86_64 | 0.2 | 8.00 | 83.00 | 91.00 | OK |
Version: 0.2
Check: compiled code
Result: NOTE
File ‘logisticPCA/libs/logisticPCA.so’:
Found no calls to: ‘R_registerRoutines’, ‘R_useDynamicSymbols’
It is good practice to register native routines and to disable symbol
search.
See ‘Writing portable packages’ in the ‘Writing R Extensions’ manual.
Flavors: r-devel-linux-x86_64-fedora-clang, r-devel-linux-x86_64-fedora-gcc