Last updated on 2024-05-07 06:55:55 CEST.
Flavor | Version | Tinstall | Tcheck | Ttotal | Status | Flags |
---|---|---|---|---|---|---|
r-devel-linux-x86_64-debian-clang | 1.3.5 | 10.08 | 77.82 | 87.90 | OK | |
r-devel-linux-x86_64-debian-gcc | 1.3.5 | 7.10 | 57.75 | 64.85 | OK | |
r-devel-linux-x86_64-fedora-clang | 1.3.5 | 107.15 | NOTE | |||
r-devel-linux-x86_64-fedora-gcc | 1.3.5 | 166.32 | NOTE | |||
r-devel-windows-x86_64 | 1.3.5 | 9.00 | 88.00 | 97.00 | OK | |
r-patched-linux-x86_64 | 1.3.5 | 12.68 | 73.50 | 86.18 | OK | |
r-release-linux-x86_64 | 1.3.5 | 6.70 | 72.23 | 78.93 | OK | |
r-release-macos-arm64 | 1.3.5 | 39.00 | OK | |||
r-release-windows-x86_64 | 1.3.5 | 10.00 | 88.00 | 98.00 | OK | |
r-oldrel-macos-arm64 | 1.3.5 | 44.00 | OK | |||
r-oldrel-macos-x86_64 | 1.3.5 | 65.00 | OK | |||
r-oldrel-windows-x86_64 | 1.3.5 | 12.00 | 96.00 | 108.00 | OK |
Version: 1.3.5
Check: data for non-ASCII characters
Result: NOTE
Note: found 7 marked UTF-8 strings
Flavors: r-devel-linux-x86_64-fedora-clang, r-devel-linux-x86_64-fedora-gcc