Last updated on 2024-05-19 06:57:35 CEST.
Flavor | Version | Tinstall | Tcheck | Ttotal | Status | Flags |
---|---|---|---|---|---|---|
r-devel-linux-x86_64-debian-clang | 0.1.0.0 | 4.18 | 37.80 | 41.98 | NOTE | |
r-devel-linux-x86_64-debian-gcc | 0.1.0.0 | 3.20 | 28.87 | 32.07 | NOTE | |
r-devel-linux-x86_64-fedora-clang | 0.1.0.0 | 51.73 | NOTE | |||
r-devel-linux-x86_64-fedora-gcc | 0.1.0.0 | 97.55 | NOTE | |||
r-devel-windows-x86_64 | 0.1.0.0 | 6.00 | 49.00 | 55.00 | NOTE | |
r-patched-linux-x86_64 | 0.1.0.0 | 7.54 | 36.47 | 44.01 | NOTE | |
r-release-linux-x86_64 | 0.1.0.0 | 4.29 | 36.01 | 40.30 | NOTE | |
r-release-macos-arm64 | 0.1.0.0 | 20.00 | NOTE | |||
r-release-windows-x86_64 | 0.1.0.0 | 7.00 | 49.00 | 56.00 | NOTE | |
r-oldrel-macos-arm64 | 0.1.0.0 | 23.00 | NOTE | |||
r-oldrel-macos-x86_64 | 0.1.0.0 | 29.00 | NOTE | |||
r-oldrel-windows-x86_64 | 0.1.0.0 | 7.00 | 53.00 | 60.00 | NOTE |
Version: 0.1.0.0
Check: LazyData
Result: NOTE
'LazyData' is specified without a 'data' directory
Flavors: r-devel-linux-x86_64-debian-clang, r-devel-linux-x86_64-debian-gcc, r-devel-linux-x86_64-fedora-clang, r-devel-linux-x86_64-fedora-gcc, r-devel-windows-x86_64, r-patched-linux-x86_64, r-release-linux-x86_64, r-release-macos-arm64, r-release-windows-x86_64, r-oldrel-macos-arm64, r-oldrel-macos-x86_64, r-oldrel-windows-x86_64