Last updated on 2024-04-29 06:58:16 CEST.
Flavor | Version | Tinstall | Tcheck | Ttotal | Status | Flags |
---|---|---|---|---|---|---|
r-devel-linux-x86_64-debian-clang | 0.96 | 42.64 | 286.10 | 328.74 | NOTE | |
r-devel-linux-x86_64-debian-gcc | 0.96 | 25.33 | 207.46 | 232.79 | NOTE | |
r-devel-linux-x86_64-fedora-clang | 0.96 | 403.48 | NOTE | |||
r-devel-linux-x86_64-fedora-gcc | 0.96 | 410.30 | NOTE | |||
r-devel-windows-x86_64 | 0.96 | 35.00 | 237.00 | 272.00 | NOTE | |
r-patched-linux-x86_64 | 0.96 | 29.76 | 271.32 | 301.08 | NOTE | |
r-release-linux-x86_64 | 0.96 | 30.52 | 267.87 | 298.39 | NOTE | |
r-release-macos-arm64 | 0.96 | 108.00 | NOTE | |||
r-release-windows-x86_64 | 0.96 | 35.00 | 241.00 | 276.00 | NOTE | |
r-oldrel-macos-arm64 | 0.96 | 126.00 | OK | |||
r-oldrel-macos-x86_64 | 0.96 | 220.00 | OK | |||
r-oldrel-windows-x86_64 | 0.96 | 41.00 | 278.00 | 319.00 | OK |
Version: 0.96
Check: Rd files
Result: NOTE
checkRd: (-1) runSim.Rd:111: Lost braces
111 | \ifelse{html}{\out{<i>r</i><sub>1</sub> = 1}}{{\eqn{r_1 = 1}}{r_1 = 1}} while the individual with the lowest phenotypic value
| ^
checkRd: (-1) runSim.Rd:112: Lost braces
112 | is given the rank \ifelse{html}{\out{<i>r<sub>n</sub></i> = <i>n</i>}}{{\eqn{r_n = n}}{r_n = n}}), the probability of an individual
| ^
checkRd: (-1) runSim.Rd:120-122: Lost braces
120 | }{
| ^
Flavors: r-devel-linux-x86_64-debian-clang, r-devel-linux-x86_64-debian-gcc, r-devel-linux-x86_64-fedora-clang, r-devel-linux-x86_64-fedora-gcc, r-devel-windows-x86_64, r-patched-linux-x86_64, r-release-linux-x86_64, r-release-macos-arm64, r-release-windows-x86_64