Last updated on 2024-04-27 06:57:12 CEST.
Flavor | Version | Tinstall | Tcheck | Ttotal | Status | Flags |
---|---|---|---|---|---|---|
r-devel-linux-x86_64-debian-clang | 1.4.1 | 10.09 | 102.28 | 112.37 | NOTE | |
r-devel-linux-x86_64-debian-gcc | 1.4.1 | 7.66 | 74.98 | 82.64 | NOTE | |
r-devel-linux-x86_64-fedora-clang | 1.4.1 | 138.60 | NOTE | |||
r-devel-linux-x86_64-fedora-gcc | 1.4.1 | 142.24 | NOTE | |||
r-devel-windows-x86_64 | 1.4.1 | 11.00 | 108.00 | 119.00 | NOTE | |
r-patched-linux-x86_64 | 1.4.1 | 11.80 | 96.56 | 108.36 | NOTE | |
r-release-linux-x86_64 | 1.4.1 | 6.09 | 92.33 | 98.42 | OK | |
r-release-macos-arm64 | 1.4.1 | 49.00 | NOTE | |||
r-release-windows-x86_64 | 1.4.1 | 10.00 | 107.00 | 117.00 | NOTE | |
r-oldrel-macos-arm64 | 1.4.1 | 52.00 | OK | |||
r-oldrel-macos-x86_64 | 1.4.1 | 82.00 | OK | |||
r-oldrel-windows-x86_64 | 1.4.1 | 13.00 | 119.00 | 132.00 | OK |
Version: 1.4.1
Check: Rd files
Result: NOTE
checkRd: (-1) defaultFactorSummaries.Rd:29: Lost braces
29 | code{\link{variableType}}, \code{\link{countMissing}}, \code{\link{uniqueValues}},
| ^
Flavors: r-devel-linux-x86_64-debian-clang, r-devel-linux-x86_64-debian-gcc, r-devel-linux-x86_64-fedora-clang, r-devel-linux-x86_64-fedora-gcc, r-devel-windows-x86_64, r-patched-linux-x86_64, r-release-macos-arm64, r-release-windows-x86_64