Last updated on 2024-05-28 06:58:28 CEST.
Flavor | Version | Tinstall | Tcheck | Ttotal | Status | Flags |
---|---|---|---|---|---|---|
r-devel-linux-x86_64-debian-clang | 0.0.2 | 2.43 | 49.27 | 51.70 | NOTE | |
r-devel-linux-x86_64-debian-gcc | 0.0.2 | 2.32 | 38.86 | 41.18 | NOTE | |
r-devel-linux-x86_64-fedora-clang | 0.0.2 | 66.86 | NOTE | |||
r-devel-linux-x86_64-fedora-gcc | 0.0.2 | 77.73 | NOTE | |||
r-devel-windows-x86_64 | 0.0.2 | 4.00 | 91.00 | 95.00 | NOTE | |
r-patched-linux-x86_64 | 0.0.2 | 3.14 | 48.86 | 52.00 | NOTE | |
r-release-linux-x86_64 | 0.0.2 | 2.16 | 48.25 | 50.41 | NOTE | |
r-release-macos-arm64 | 0.0.2 | 31.00 | NOTE | |||
r-release-windows-x86_64 | 0.0.2 | 3.00 | 90.00 | 93.00 | NOTE | |
r-oldrel-macos-arm64 | 0.0.2 | 36.00 | NOTE | |||
r-oldrel-macos-x86_64 | 0.0.2 | 60.00 | NOTE | |||
r-oldrel-windows-x86_64 | 0.0.2 | 3.00 | 86.00 | 89.00 | NOTE |
Version: 0.0.2
Check: LazyData
Result: NOTE
'LazyData' is specified without a 'data' directory
Flavors: r-devel-linux-x86_64-debian-clang, r-devel-linux-x86_64-debian-gcc, r-devel-linux-x86_64-fedora-clang, r-devel-linux-x86_64-fedora-gcc, r-devel-windows-x86_64, r-patched-linux-x86_64, r-release-linux-x86_64, r-release-macos-arm64, r-release-windows-x86_64, r-oldrel-macos-arm64, r-oldrel-macos-x86_64, r-oldrel-windows-x86_64