Last updated on 2024-05-05 18:53:33 CEST.
Flavor | Version | Tinstall | Tcheck | Ttotal | Status | Flags |
---|---|---|---|---|---|---|
r-devel-linux-x86_64-debian-clang | 1.0.4 | 8.12 | 62.17 | 70.29 | OK | |
r-devel-linux-x86_64-debian-gcc | 1.0.4 | 5.70 | 46.38 | 52.08 | OK | |
r-devel-linux-x86_64-fedora-clang | 1.0.4 | 88.88 | NOTE | |||
r-devel-linux-x86_64-fedora-gcc | 1.0.4 | 95.77 | NOTE | |||
r-devel-windows-x86_64 | 1.0.4 | 8.00 | 66.00 | 74.00 | OK | |
r-patched-linux-x86_64 | 1.0.4 | 6.22 | 60.06 | 66.28 | OK | |
r-release-linux-x86_64 | 1.0.4 | 5.55 | 58.73 | 64.28 | OK | |
r-release-macos-arm64 | 1.0.4 | 29.00 | OK | |||
r-release-windows-x86_64 | 1.0.4 | 9.00 | 65.00 | 74.00 | OK | |
r-oldrel-macos-arm64 | 1.0.4 | 33.00 | OK | |||
r-oldrel-macos-x86_64 | 1.0.4 | 43.00 | OK | |||
r-oldrel-windows-x86_64 | 1.0.4 | 10.00 | 72.00 | 82.00 | OK |
Version: 1.0.4
Check: dependencies in R code
Result: NOTE
Namespaces in Imports field not imported from:
‘scales’ ‘sna’
All declared Imports should be used.
Flavors: r-devel-linux-x86_64-fedora-clang, r-devel-linux-x86_64-fedora-gcc
Version: 1.0.4
Check: data for non-ASCII characters
Result: NOTE
Note: found 244 marked UTF-8 strings
Flavors: r-devel-linux-x86_64-fedora-clang, r-devel-linux-x86_64-fedora-gcc