Last updated on 2024-05-07 06:55:46 CEST.
Flavor | Version | Tinstall | Tcheck | Ttotal | Status | Flags |
---|---|---|---|---|---|---|
r-devel-linux-x86_64-debian-clang | 0.5.1 | 10.54 | 161.75 | 172.29 | NOTE | |
r-devel-linux-x86_64-debian-gcc | 0.5.1 | 7.30 | 152.73 | 160.03 | OK | |
r-devel-linux-x86_64-fedora-clang | 0.5.1 | 295.98 | OK | |||
r-devel-linux-x86_64-fedora-gcc | 0.5.1 | 339.21 | OK | |||
r-devel-windows-x86_64 | 0.5.1 | 10.00 | 156.00 | 166.00 | OK | |
r-patched-linux-x86_64 | 0.5.1 | 11.21 | 194.52 | 205.73 | OK | |
r-release-linux-x86_64 | 0.5.1 | 6.29 | 194.68 | 200.97 | OK | |
r-release-macos-arm64 | 0.5.1 | 81.00 | OK | |||
r-release-windows-x86_64 | 0.5.1 | 10.00 | 155.00 | 165.00 | OK | |
r-oldrel-macos-arm64 | 0.5.1 | 71.00 | OK | |||
r-oldrel-macos-x86_64 | 0.5.1 | 176.00 | OK | |||
r-oldrel-windows-x86_64 | 0.5.1 | 12.00 | 193.00 | 205.00 | OK |
Version: 0.5.1
Check: package dependencies
Result: NOTE
Packages suggested but not available for checking:
'SingleCellExperiment', 'SummarizedExperiment'
Flavor: r-devel-linux-x86_64-debian-clang