Last updated on 2024-05-19 06:57:29 CEST.
Flavor | Version | Tinstall | Tcheck | Ttotal | Status | Flags |
---|---|---|---|---|---|---|
r-devel-linux-x86_64-debian-clang | 1.1.0 | 5.54 | 30.01 | 35.55 | OK | |
r-devel-linux-x86_64-debian-gcc | 1.1.0 | 3.17 | 23.22 | 26.39 | OK | |
r-devel-linux-x86_64-fedora-clang | 1.1.0 | 47.23 | NOTE | |||
r-devel-linux-x86_64-fedora-gcc | 1.1.0 | 59.21 | NOTE | |||
r-devel-windows-x86_64 | 1.1.0 | 5.00 | 44.00 | 49.00 | NOTE | |
r-patched-linux-x86_64 | 1.1.0 | 5.79 | 29.38 | 35.17 | OK | |
r-release-linux-x86_64 | 1.1.0 | 5.89 | 29.14 | 35.03 | OK | |
r-release-macos-arm64 | 1.1.0 | 17.00 | NOTE | |||
r-release-windows-x86_64 | 1.1.0 | 7.00 | 46.00 | 53.00 | NOTE | |
r-oldrel-macos-arm64 | 1.1.0 | 18.00 | NOTE | |||
r-oldrel-macos-x86_64 | 1.1.0 | 37.00 | NOTE | |||
r-oldrel-windows-x86_64 | 1.1.0 | 6.00 | 48.00 | 54.00 | NOTE |
Version: 1.1.0
Check: installed package size
Result: NOTE
installed size is 12.4Mb
sub-directories of 1Mb or more:
www 12.3Mb
Flavors: r-devel-linux-x86_64-fedora-clang, r-devel-windows-x86_64, r-release-macos-arm64, r-release-windows-x86_64, r-oldrel-macos-arm64, r-oldrel-macos-x86_64, r-oldrel-windows-x86_64
Version: 1.1.0
Check: dependencies in R code
Result: NOTE
Namespace in Imports field not imported from: ‘shiny’
All declared Imports should be used.
Flavors: r-devel-linux-x86_64-fedora-clang, r-devel-linux-x86_64-fedora-gcc