Last updated on 2024-05-05 18:53:32 CEST.
Flavor | Version | Tinstall | Tcheck | Ttotal | Status | Flags |
---|---|---|---|---|---|---|
r-devel-linux-x86_64-debian-clang | 0.2.9.5 | 11.51 | 192.21 | 203.72 | NOTE | |
r-devel-linux-x86_64-debian-gcc | 0.2.9.5 | 8.71 | 139.47 | 148.18 | NOTE | |
r-devel-linux-x86_64-fedora-clang | 0.2.9.5 | 265.25 | NOTE | |||
r-devel-linux-x86_64-fedora-gcc | 0.2.9.5 | 233.62 | NOTE | |||
r-devel-windows-x86_64 | 0.2.9.5 | 10.00 | 159.00 | 169.00 | NOTE | |
r-patched-linux-x86_64 | 0.2.9.5 | 11.37 | 182.75 | 194.12 | NOTE | |
r-release-linux-x86_64 | 0.2.9.5 | 6.90 | 172.24 | 179.14 | NOTE | |
r-release-macos-arm64 | 0.2.9.5 | 68.00 | NOTE | |||
r-release-macos-x86_64 | 0.2.9.5 | 186.00 | NOTE | |||
r-release-windows-x86_64 | 0.2.9.5 | 8.00 | 160.00 | 168.00 | NOTE | |
r-oldrel-macos-arm64 | 0.2.9.5 | 72.00 | NOTE | |||
r-oldrel-macos-x86_64 | 0.2.9.5 | 160.00 | NOTE | |||
r-oldrel-windows-x86_64 | 0.2.9.5 | 12.00 | 199.00 | 211.00 | NOTE |
Version: 0.2.9.5
Check: package dependencies
Result: NOTE
Packages suggested but not available for checking: 'dotwhisker', 'glmmADMB'
Flavors: r-devel-linux-x86_64-debian-clang, r-devel-linux-x86_64-debian-gcc, r-devel-linux-x86_64-fedora-clang, r-devel-linux-x86_64-fedora-gcc, r-patched-linux-x86_64
Version: 0.2.9.5
Check: installed package size
Result: NOTE
installed size is 5.5Mb
sub-directories of 1Mb or more:
extdata 5.0Mb
Flavors: r-devel-linux-x86_64-fedora-clang, r-devel-windows-x86_64, r-release-macos-arm64, r-release-macos-x86_64, r-release-windows-x86_64, r-oldrel-macos-arm64, r-oldrel-macos-x86_64, r-oldrel-windows-x86_64
Version: 0.2.9.5
Check: package dependencies
Result: NOTE
Package suggested but not available for checking: 'glmmADMB'
Flavors: r-devel-windows-x86_64, r-release-macos-arm64, r-release-macos-x86_64, r-release-windows-x86_64, r-oldrel-macos-arm64, r-oldrel-macos-x86_64, r-oldrel-windows-x86_64
Version: 0.2.9.5
Check: package dependencies
Result: NOTE
Packages suggested but not available for checking:
'dotwhisker', 'glmmADMB', 'rstanarm'
Flavor: r-release-linux-x86_64