Last updated on 2024-05-21 06:59:20 CEST.
Flavor | Version | Tinstall | Tcheck | Ttotal | Status | Flags |
---|---|---|---|---|---|---|
r-devel-linux-x86_64-debian-clang | 0.2.0 | 112.15 | 262.12 | 374.27 | NOTE | |
r-devel-linux-x86_64-debian-gcc | 0.2.0 | 77.57 | 193.73 | 271.30 | NOTE | |
r-devel-linux-x86_64-fedora-clang | 0.2.0 | 507.31 | NOTE | |||
r-devel-linux-x86_64-fedora-gcc | 0.2.0 | 479.95 | NOTE | |||
r-devel-windows-x86_64 | 0.2.0 | 83.00 | 187.00 | 270.00 | NOTE | |
r-patched-linux-x86_64 | 0.2.0 | 84.80 | 249.20 | 334.00 | NOTE | |
r-release-linux-x86_64 | 0.2.0 | 84.86 | 253.81 | 338.67 | NOTE | |
r-release-macos-arm64 | 0.2.0 | 113.00 | NOTE | |||
r-release-windows-x86_64 | 0.2.0 | 79.00 | 186.00 | 265.00 | NOTE | |
r-oldrel-macos-arm64 | 0.2.0 | 118.00 | NOTE | |||
r-oldrel-macos-x86_64 | 0.2.0 | 193.00 | NOTE | |||
r-oldrel-windows-x86_64 | 0.2.0 | 103.00 | 239.00 | 342.00 | NOTE |
Version: 0.2.0
Check: package dependencies
Result: NOTE
Package suggested but not available for checking: ‘margins’
Flavors: r-devel-linux-x86_64-debian-clang, r-devel-linux-x86_64-debian-gcc, r-devel-linux-x86_64-fedora-clang, r-devel-linux-x86_64-fedora-gcc, r-patched-linux-x86_64, r-release-linux-x86_64
Version: 0.2.0
Check: C++ specification
Result: NOTE
Specified C++11: please drop specification unless essential
Flavors: r-devel-linux-x86_64-debian-clang, r-devel-linux-x86_64-debian-gcc, r-devel-linux-x86_64-fedora-clang, r-devel-linux-x86_64-fedora-gcc, r-devel-windows-x86_64, r-patched-linux-x86_64, r-release-linux-x86_64, r-release-macos-arm64, r-release-windows-x86_64, r-oldrel-macos-arm64, r-oldrel-macos-x86_64, r-oldrel-windows-x86_64
Version: 0.2.0
Check: Rd files
Result: NOTE
checkRd: (-1) assertall.Rd:45: Lost braces in \itemize; meant \describe ?
checkRd: (-1) assertall.Rd:46: Lost braces in \itemize; meant \describe ?
checkRd: (-1) assertall.Rd:47: Lost braces in \itemize; meant \describe ?
checkRd: (-1) assertall.Rd:48: Lost braces in \itemize; meant \describe ?
checkRd: (-1) brmsmargins.Rd:129: Lost braces in \itemize; \value handles \item{}{} directly
checkRd: (-1) brmsmargins.Rd:130: Lost braces in \itemize; \value handles \item{}{} directly
checkRd: (-1) brmsmargins.Rd:131: Lost braces in \itemize; \value handles \item{}{} directly
checkRd: (-1) brmsmargins.Rd:132: Lost braces in \itemize; \value handles \item{}{} directly
checkRd: (-1) builders.Rd:50: Lost braces in \itemize; meant \describe ?
checkRd: (-1) builders.Rd:51: Lost braces in \itemize; meant \describe ?
checkRd: (-1) builders.Rd:52: Lost braces in \itemize; meant \describe ?
checkRd: (-1) builders.Rd:53: Lost braces in \itemize; meant \describe ?
checkRd: (-1) builders.Rd:54: Lost braces in \itemize; meant \describe ?
checkRd: (-1) builders.Rd:55: Lost braces in \itemize; meant \describe ?
Flavors: r-devel-linux-x86_64-debian-clang, r-devel-linux-x86_64-debian-gcc, r-devel-linux-x86_64-fedora-clang, r-devel-linux-x86_64-fedora-gcc, r-devel-windows-x86_64, r-patched-linux-x86_64, r-release-linux-x86_64, r-release-macos-arm64, r-release-windows-x86_64
Version: 0.2.0
Check: installed package size
Result: NOTE
installed size is 5.2Mb
sub-directories of 1Mb or more:
doc 2.7Mb
libs 2.4Mb
Flavors: r-release-macos-arm64, r-oldrel-macos-arm64, r-oldrel-macos-x86_64