Last updated on 2024-05-13 06:51:56 CEST.
Flavor | Version | Tinstall | Tcheck | Ttotal | Status | Flags |
---|---|---|---|---|---|---|
r-devel-linux-x86_64-debian-clang | 0.4.8 | 121.42 | 132.77 | 254.19 | OK | |
r-devel-linux-x86_64-debian-gcc | 0.4.8 | 93.50 | 93.93 | 187.43 | OK | |
r-devel-linux-x86_64-fedora-clang | 0.4.8 | 388.44 | OK | |||
r-devel-linux-x86_64-fedora-gcc | 0.4.8 | 416.68 | OK | |||
r-devel-windows-x86_64 | 0.4.8 | 90.00 | 179.00 | 269.00 | OK | |
r-patched-linux-x86_64 | 0.4.8 | 115.72 | 131.73 | 247.45 | OK | |
r-release-linux-x86_64 | 0.4.8 | 114.01 | 131.34 | 245.35 | OK | |
r-release-macos-arm64 | 0.4.8 | 84.00 | NOTE | |||
r-release-macos-x86_64 | 0.4.8 | 225.00 | NOTE | |||
r-release-windows-x86_64 | 0.4.8 | 89.00 | 180.00 | 269.00 | OK | |
r-oldrel-macos-arm64 | 0.4.8 | 89.00 | NOTE | |||
r-oldrel-macos-x86_64 | 0.4.8 | 181.00 | NOTE | |||
r-oldrel-windows-x86_64 | 0.4.8 | 101.00 | 201.00 | 302.00 | OK |
Version: 0.4.8
Check: installed package size
Result: NOTE
installed size is 6.7Mb
sub-directories of 1Mb or more:
libs 5.9Mb
Flavors: r-release-macos-arm64, r-release-macos-x86_64, r-oldrel-macos-arm64, r-oldrel-macos-x86_64