Last updated on 2024-05-05 18:53:30 CEST.
Flavor | Version | Tinstall | Tcheck | Ttotal | Status | Flags |
---|---|---|---|---|---|---|
r-devel-linux-x86_64-debian-clang | 1.0.1 | 6.05 | 102.75 | 108.80 | NOTE | |
r-devel-linux-x86_64-debian-gcc | 1.0.1 | 5.58 | 74.95 | 80.53 | NOTE | |
r-devel-linux-x86_64-fedora-clang | 1.0.1 | 135.85 | NOTE | |||
r-devel-linux-x86_64-fedora-gcc | 1.0.1 | 142.05 | NOTE | |||
r-devel-windows-x86_64 | 1.0.1 | 8.00 | 93.00 | 101.00 | NOTE | |
r-patched-linux-x86_64 | 1.0.1 | 7.68 | 97.65 | 105.33 | NOTE | |
r-release-linux-x86_64 | 1.0.1 | 7.32 | 97.72 | 105.04 | NOTE | |
r-release-macos-arm64 | 1.0.1 | 44.00 | NOTE | |||
r-release-windows-x86_64 | 1.0.1 | 8.00 | 92.00 | 100.00 | NOTE | |
r-oldrel-macos-arm64 | 1.0.1 | 45.00 | NOTE | |||
r-oldrel-macos-x86_64 | 1.0.1 | 76.00 | NOTE | |||
r-oldrel-windows-x86_64 | 1.0.1 | 9.00 | 108.00 | 117.00 | NOTE |
Version: 1.0.1
Check: LazyData
Result: NOTE
'LazyData' is specified without a 'data' directory
Flavors: r-devel-linux-x86_64-debian-clang, r-devel-linux-x86_64-debian-gcc, r-devel-linux-x86_64-fedora-clang, r-devel-linux-x86_64-fedora-gcc, r-devel-windows-x86_64, r-patched-linux-x86_64, r-release-linux-x86_64, r-release-macos-arm64, r-release-windows-x86_64, r-oldrel-macos-arm64, r-oldrel-macos-x86_64, r-oldrel-windows-x86_64