Last updated on 2024-05-14 18:49:17 CEST.
Flavor | Version | Tinstall | Tcheck | Ttotal | Status | Flags |
---|---|---|---|---|---|---|
r-devel-linux-x86_64-debian-clang | 0.3.4 | 63.37 | 50.12 | 113.49 | NOTE | |
r-devel-linux-x86_64-debian-gcc | 0.3.4 | 49.06 | 37.84 | 86.90 | NOTE | |
r-devel-linux-x86_64-fedora-clang | 0.3.4 | 165.05 | NOTE | |||
r-devel-linux-x86_64-fedora-gcc | 0.3.4 | 223.83 | NOTE | |||
r-devel-windows-x86_64 | 0.3.4 | 49.00 | 80.00 | 129.00 | NOTE | |
r-patched-linux-x86_64 | 0.3.4 | 56.25 | 47.80 | 104.05 | NOTE | |
r-release-linux-x86_64 | 0.3.4 | 66.58 | 49.13 | 115.71 | NOTE | |
r-release-macos-arm64 | 0.3.4 | 42.00 | NOTE | |||
r-release-windows-x86_64 | 0.3.4 | 49.00 | 80.00 | 129.00 | NOTE | |
r-oldrel-macos-arm64 | 0.3.4 | 49.00 | NOTE | |||
r-oldrel-macos-x86_64 | 0.3.4 | 76.00 | NOTE | |||
r-oldrel-windows-x86_64 | 0.3.4 | 58.00 | 88.00 | 146.00 | NOTE |
Version: 0.3.4
Check: C++ specification
Result: NOTE
Specified C++11: please drop specification unless essential
Flavors: r-devel-linux-x86_64-debian-clang, r-devel-linux-x86_64-debian-gcc, r-devel-linux-x86_64-fedora-clang, r-devel-linux-x86_64-fedora-gcc, r-devel-windows-x86_64, r-patched-linux-x86_64, r-release-linux-x86_64, r-release-macos-arm64, r-release-windows-x86_64, r-oldrel-macos-arm64, r-oldrel-macos-x86_64, r-oldrel-windows-x86_64