Last updated on 2024-05-28 06:58:23 CEST.
Flavor | Version | Tinstall | Tcheck | Ttotal | Status | Flags |
---|---|---|---|---|---|---|
r-devel-linux-x86_64-debian-clang | 1.1.1 | 4.86 | 51.13 | 55.99 | OK | |
r-devel-linux-x86_64-debian-gcc | 1.1.1 | 3.36 | 38.74 | 42.10 | OK | |
r-devel-linux-x86_64-fedora-clang | 1.1.1 | 70.81 | NOTE | |||
r-devel-linux-x86_64-fedora-gcc | 1.1.1 | 78.70 | OK | |||
r-devel-windows-x86_64 | 1.1.1 | 5.00 | 70.00 | 75.00 | OK | |
r-patched-linux-x86_64 | 1.1.1 | 4.70 | 49.68 | 54.38 | OK | |
r-release-linux-x86_64 | 1.1.1 | 4.10 | 48.86 | 52.96 | OK | |
r-release-macos-arm64 | 1.1.1 | 30.00 | OK | |||
r-release-windows-x86_64 | 1.1.1 | 6.00 | 70.00 | 76.00 | OK | |
r-oldrel-macos-arm64 | 1.1.1 | 46.00 | OK | |||
r-oldrel-macos-x86_64 | 1.1.1 | 111.00 | OK | |||
r-oldrel-windows-x86_64 | 1.1.1 | 6.00 | 81.00 | 87.00 | OK |
Version: 1.1.1
Check: Rd cross-references
Result: NOTE
Undeclared package ‘hyperSpec’ in Rd xrefs
Flavor: r-devel-linux-x86_64-fedora-clang