Last updated on 2024-04-28 06:56:20 CEST.
Flavor | Version | Tinstall | Tcheck | Ttotal | Status | Flags |
---|---|---|---|---|---|---|
r-devel-linux-x86_64-debian-clang | 1.1.0 | 73.82 | 157.63 | 231.45 | NOTE | |
r-devel-linux-x86_64-debian-gcc | 1.1.0 | 59.38 | 117.62 | 177.00 | NOTE | |
r-devel-linux-x86_64-fedora-clang | 1.1.0 | 312.74 | NOTE | |||
r-devel-linux-x86_64-fedora-gcc | 1.1.0 | 314.22 | NOTE | |||
r-devel-windows-x86_64 | 1.1.0 | 58.00 | 152.00 | 210.00 | NOTE | |
r-patched-linux-x86_64 | 1.1.0 | 73.77 | 129.18 | 202.95 | NOTE | |
r-release-linux-x86_64 | 1.1.0 | 69.41 | 155.45 | 224.86 | OK | |
r-release-macos-arm64 | 1.1.0 | 74.00 | NOTE | |||
r-release-windows-x86_64 | 1.1.0 | 59.00 | 300.00 | 359.00 | NOTE | |
r-oldrel-macos-arm64 | 1.1.0 | 90.00 | OK | |||
r-oldrel-macos-x86_64 | 1.1.0 | 143.00 | OK | |||
r-oldrel-windows-x86_64 | 1.1.0 | 72.00 | 358.00 | 430.00 | OK |
Version: 1.1.0
Check: Rd files
Result: NOTE
checkRd: (-1) repr_dwt.Rd:28: Lost braces; missing escapes or markup?
28 | The final representation has length equal to floor(n / 2^{level}), where n is a length of original time series.
| ^
Flavors: r-devel-linux-x86_64-debian-clang, r-devel-linux-x86_64-debian-gcc, r-devel-linux-x86_64-fedora-clang, r-devel-linux-x86_64-fedora-gcc, r-devel-windows-x86_64, r-patched-linux-x86_64, r-release-macos-arm64, r-release-windows-x86_64