Last updated on 2024-05-05 18:53:36 CEST.
Flavor | Version | Tinstall | Tcheck | Ttotal | Status | Flags |
---|---|---|---|---|---|---|
r-devel-linux-x86_64-debian-clang | 1.0.2 | 8.82 | 114.62 | 123.44 | NOTE | |
r-devel-linux-x86_64-debian-gcc | 1.0.2 | 7.77 | 85.32 | 93.09 | NOTE | |
r-devel-linux-x86_64-fedora-clang | 1.0.2 | 154.77 | NOTE | |||
r-devel-linux-x86_64-fedora-gcc | 1.0.2 | 155.00 | NOTE | |||
r-devel-windows-x86_64 | 1.0.2 | 10.00 | 104.00 | 114.00 | NOTE | |
r-patched-linux-x86_64 | 1.0.2 | 14.68 | 109.94 | 124.62 | NOTE | |
r-release-linux-x86_64 | 1.0.2 | 6.27 | 108.80 | 115.07 | NOTE | |
r-release-macos-arm64 | 1.0.2 | 57.00 | NOTE | |||
r-release-windows-x86_64 | 1.0.2 | 10.00 | 103.00 | 113.00 | NOTE | |
r-oldrel-macos-arm64 | 1.0.2 | 51.00 | OK | |||
r-oldrel-macos-x86_64 | 1.0.2 | 76.00 | OK | |||
r-oldrel-windows-x86_64 | 1.0.2 | 13.00 | 118.00 | 131.00 | OK |
Version: 1.0.2
Check: Rd files
Result: NOTE
checkRd: (-1) getAgeGender.Rd:52: Lost braces in \itemize; meant \describe ?
checkRd: (-1) getAgeGender.Rd:53: Lost braces in \itemize; meant \describe ?
checkRd: (-1) getAgeGender.Rd:54: Lost braces in \itemize; meant \describe ?
checkRd: (-1) getAgeGender.Rd:55: Lost braces in \itemize; meant \describe ?
checkRd: (-1) getMap.Rd:44-45: Lost braces in \itemize; meant \describe ?
checkRd: (-1) getMap.Rd:46-48: Lost braces in \itemize; meant \describe ?
checkRd: (-1) getMap.Rd:49-51: Lost braces in \itemize; meant \describe ?
checkRd: (-1) getSeason.Rd:55: Lost braces in \itemize; meant \describe ?
checkRd: (-1) getSeason.Rd:56: Lost braces in \itemize; meant \describe ?
checkRd: (-1) getSeason.Rd:57: Lost braces in \itemize; meant \describe ?
checkRd: (-1) getSeason.Rd:58: Lost braces in \itemize; meant \describe ?
checkRd: (-1) getTableByMS.Rd:59: Lost braces in \itemize; meant \describe ?
checkRd: (-1) getTableByMS.Rd:60: Lost braces in \itemize; meant \describe ?
checkRd: (-1) getTableByMS.Rd:61-62: Lost braces in \itemize; meant \describe ?
checkRd: (-1) getTrend.Rd:55: Lost braces in \itemize; meant \describe ?
checkRd: (-1) getTrend.Rd:56: Lost braces in \itemize; meant \describe ?
checkRd: (-1) plotAgeGender.Rd:45: Lost braces in \itemize; meant \describe ?
checkRd: (-1) plotAgeGender.Rd:46: Lost braces in \itemize; meant \describe ?
checkRd: (-1) plotAgeGender.Rd:47: Lost braces in \itemize; meant \describe ?
checkRd: (-1) plotSeasonality.Rd:42: Lost braces in \itemize; meant \describe ?
checkRd: (-1) plotSeasonality.Rd:43: Lost braces in \itemize; meant \describe ?
checkRd: (-1) plotSeasonality.Rd:44: Lost braces in \itemize; meant \describe ?
checkRd: (-1) plotSeasonality.Rd:45: Lost braces in \itemize; meant \describe ?
checkRd: (-1) plotTS12MAvg.Rd:27: Lost braces in \itemize; meant \describe ?
checkRd: (-1) plotTS12MAvg.Rd:28: Lost braces in \itemize; meant \describe ?
Flavors: r-devel-linux-x86_64-debian-clang, r-devel-linux-x86_64-debian-gcc, r-devel-linux-x86_64-fedora-clang, r-devel-linux-x86_64-fedora-gcc, r-devel-windows-x86_64, r-patched-linux-x86_64, r-release-linux-x86_64, r-release-macos-arm64, r-release-windows-x86_64