Last updated on 2024-05-04 06:51:49 CEST.
Flavor | Version | Tinstall | Tcheck | Ttotal | Status | Flags |
---|---|---|---|---|---|---|
r-devel-linux-x86_64-debian-clang | 2.2.1 | 414.83 | 319.38 | 734.21 | OK | |
r-devel-linux-x86_64-debian-gcc | 2.2.1 | 304.20 | 264.70 | 568.90 | OK | |
r-devel-linux-x86_64-fedora-clang | 2.2.1 | 1045.36 | OK | |||
r-devel-linux-x86_64-fedora-gcc | 2.2.1 | 1118.58 | OK | |||
r-devel-windows-x86_64 | 2.2.1 | 306.00 | 327.00 | 633.00 | NOTE | |
r-patched-linux-x86_64 | 2.2.1 | 361.79 | 328.13 | 689.92 | OK | |
r-release-linux-x86_64 | 2.2.1 | 396.95 | 324.34 | 721.29 | OK | |
r-release-macos-arm64 | 2.2.1 | 223.00 | NOTE | |||
r-release-macos-x86_64 | 2.2.1 | 426.00 | NOTE | |||
r-release-windows-x86_64 | 2.2.1 | 291.00 | 329.00 | 620.00 | NOTE | |
r-oldrel-macos-arm64 | 2.2.1 | 230.00 | NOTE | |||
r-oldrel-macos-x86_64 | 2.2.1 | 360.00 | NOTE | |||
r-oldrel-windows-x86_64 | 2.2.1 | 370.00 | 382.00 | 752.00 | NOTE |
Version: 2.2.1
Check: installed package size
Result: NOTE
installed size is 5.1Mb
sub-directories of 1Mb or more:
doc 2.7Mb
libs 1.7Mb
Flavors: r-devel-windows-x86_64, r-release-macos-arm64, r-release-macos-x86_64, r-release-windows-x86_64, r-oldrel-macos-arm64, r-oldrel-macos-x86_64, r-oldrel-windows-x86_64