Last updated on 2024-04-27 06:57:06 CEST.
Flavor | Version | Tinstall | Tcheck | Ttotal | Status | Flags |
---|---|---|---|---|---|---|
r-devel-linux-x86_64-debian-clang | 0.1.5 | 2.81 | 2.47 | 5.28 | ERROR | |
r-devel-linux-x86_64-debian-gcc | 0.1.5 | 16.08 | 62.93 | 79.01 | OK | |
r-devel-linux-x86_64-fedora-clang | 0.1.5 | 7.66 | ERROR | |||
r-devel-linux-x86_64-fedora-gcc | 0.1.5 | 127.68 | OK | |||
r-devel-windows-x86_64 | 0.1.5 | 31.00 | 89.00 | 120.00 | OK | |
r-patched-linux-x86_64 | 0.1.5 | 19.42 | 84.07 | 103.49 | OK | |
r-release-linux-x86_64 | 0.1.5 | 16.42 | 84.38 | 100.80 | OK | |
r-release-macos-arm64 | 0.1.5 | 46.00 | OK | |||
r-release-windows-x86_64 | 0.1.5 | 31.00 | 86.00 | 117.00 | OK | |
r-oldrel-macos-arm64 | 0.1.5 | 52.00 | OK | |||
r-oldrel-macos-x86_64 | 0.1.5 | 67.00 | OK | |||
r-oldrel-windows-x86_64 | 0.1.5 | 37.00 | 101.00 | 138.00 | OK |
Version: 0.1.5
Check: whether package can be installed
Result: ERROR
Installation failed.
Flavors: r-devel-linux-x86_64-debian-clang, r-devel-linux-x86_64-fedora-clang