Last updated on 2024-04-27 06:57:06 CEST.
Flavor | Version | Tinstall | Tcheck | Ttotal | Status | Flags |
---|---|---|---|---|---|---|
r-devel-linux-x86_64-debian-clang | 1.7.1 | 15.85 | 166.33 | 182.18 | NOTE | |
r-devel-linux-x86_64-debian-gcc | 1.7.1 | 12.68 | 115.82 | 128.50 | NOTE | |
r-devel-linux-x86_64-fedora-clang | 1.7.1 | 250.47 | NOTE | |||
r-devel-linux-x86_64-fedora-gcc | 1.7.1 | 234.53 | NOTE | |||
r-devel-windows-x86_64 | 1.7.1 | 23.00 | 162.00 | 185.00 | NOTE | |
r-patched-linux-x86_64 | 1.7.1 | 19.65 | 156.44 | 176.09 | OK | |
r-release-linux-x86_64 | 1.7.1 | 16.13 | 152.42 | 168.55 | OK | |
r-release-macos-arm64 | 1.7.1 | 74.00 | OK | |||
r-release-windows-x86_64 | 1.7.1 | 24.00 | 159.00 | 183.00 | OK | |
r-oldrel-macos-arm64 | 1.7.1 | 81.00 | OK | |||
r-oldrel-macos-x86_64 | 1.7.1 | 220.00 | OK | |||
r-oldrel-windows-x86_64 | 1.7.1 | 23.00 | 192.00 | 215.00 | OK |
Version: 1.7.1
Check: compiled code
Result: NOTE
File ‘BAS/libs/BAS.so’:
Found non-API call to R: ‘SETLENGTH’
Compiled code should not call non-API entry points in R.
See ‘Writing portable packages’ in the ‘Writing R Extensions’ manual.
Flavors: r-devel-linux-x86_64-debian-clang, r-devel-linux-x86_64-debian-gcc, r-devel-linux-x86_64-fedora-clang, r-devel-linux-x86_64-fedora-gcc
Version: 1.7.1
Check: compiled code
Result: NOTE
File 'BAS/libs/x64/BAS.dll':
Found non-API call to R: 'SETLENGTH'
Compiled code should not call non-API entry points in R.
See 'Writing portable packages' in the 'Writing R Extensions' manual.
Flavor: r-devel-windows-x86_64