Last updated on 2024-05-14 18:49:43 CEST.
Flavor | Version | Tinstall | Tcheck | Ttotal | Status | Flags |
---|---|---|---|---|---|---|
r-devel-linux-x86_64-debian-clang | 1.3.7 | 5.04 | 62.23 | 67.27 | NOTE | |
r-devel-linux-x86_64-debian-gcc | 1.3.7 | 4.70 | 46.68 | 51.38 | NOTE | |
r-devel-linux-x86_64-fedora-clang | 1.3.7 | 85.52 | NOTE | |||
r-devel-linux-x86_64-fedora-gcc | 1.3.7 | 150.66 | NOTE | |||
r-devel-windows-x86_64 | 1.3.7 | 7.00 | 66.00 | 73.00 | NOTE | |
r-patched-linux-x86_64 | 1.3.7 | 4.94 | 57.85 | 62.79 | NOTE | |
r-release-linux-x86_64 | 1.3.7 | 4.15 | 60.10 | 64.25 | NOTE | |
r-release-macos-arm64 | 1.3.7 | 34.00 | NOTE | |||
r-release-windows-x86_64 | 1.3.7 | 7.00 | 67.00 | 74.00 | NOTE | |
r-oldrel-macos-arm64 | 1.3.7 | 39.00 | NOTE | |||
r-oldrel-macos-x86_64 | 1.3.7 | 119.00 | NOTE | |||
r-oldrel-windows-x86_64 | 1.3.7 | 7.00 | 72.00 | 79.00 | NOTE |
Version: 1.3.7
Check: package dependencies
Result: NOTE
Package suggested but not available for checking: ‘prepr’
Flavors: r-devel-linux-x86_64-debian-clang, r-devel-linux-x86_64-debian-gcc, r-devel-linux-x86_64-fedora-clang, r-devel-linux-x86_64-fedora-gcc, r-devel-windows-x86_64, r-patched-linux-x86_64, r-release-linux-x86_64, r-release-macos-arm64, r-release-windows-x86_64, r-oldrel-macos-arm64, r-oldrel-macos-x86_64, r-oldrel-windows-x86_64
Version: 1.3.7
Check: Rd files
Result: NOTE
checkRd: (-1) wdpa_clean.Rd:23: Lost braces
23 | \item{crs}{\code{character} or code{integer} object representing a
| ^
Flavors: r-devel-linux-x86_64-debian-clang, r-devel-linux-x86_64-debian-gcc, r-devel-linux-x86_64-fedora-clang, r-devel-linux-x86_64-fedora-gcc, r-devel-windows-x86_64, r-patched-linux-x86_64, r-release-linux-x86_64, r-release-macos-arm64, r-release-windows-x86_64