Last updated on 2024-05-28 06:58:49 CEST.
Flavor | Version | Tinstall | Tcheck | Ttotal | Status | Flags |
---|---|---|---|---|---|---|
r-devel-linux-x86_64-debian-clang | 0.1.0 | 14.28 | 120.20 | 134.48 | NOTE | |
r-devel-linux-x86_64-debian-gcc | 0.1.0 | 10.50 | 87.08 | 97.58 | NOTE | |
r-devel-linux-x86_64-fedora-clang | 0.1.0 | 164.78 | NOTE | |||
r-devel-linux-x86_64-fedora-gcc | 0.1.0 | 153.70 | NOTE | |||
r-devel-windows-x86_64 | 0.1.0 | 12.00 | 94.00 | 106.00 | NOTE | |
r-patched-linux-x86_64 | 0.1.0 | 12.08 | 113.61 | 125.69 | NOTE | |
r-release-linux-x86_64 | 0.1.0 | 11.12 | 113.50 | 124.62 | NOTE | |
r-release-macos-arm64 | 0.1.0 | 47.00 | NOTE | |||
r-release-windows-x86_64 | 0.1.0 | 12.00 | 93.00 | 105.00 | NOTE | |
r-oldrel-macos-arm64 | 0.1.0 | 55.00 | NOTE | |||
r-oldrel-macos-x86_64 | 0.1.0 | 88.00 | NOTE | |||
r-oldrel-windows-x86_64 | 0.1.0 | 17.00 | 114.00 | 131.00 | NOTE |
Version: 0.1.0
Check: LazyData
Result: NOTE
'LazyData' is specified without a 'data' directory
Flavors: r-devel-linux-x86_64-debian-clang, r-devel-linux-x86_64-debian-gcc, r-devel-linux-x86_64-fedora-clang, r-devel-linux-x86_64-fedora-gcc, r-devel-windows-x86_64, r-patched-linux-x86_64, r-release-linux-x86_64, r-release-macos-arm64, r-release-windows-x86_64, r-oldrel-macos-arm64, r-oldrel-macos-x86_64, r-oldrel-windows-x86_64
Version: 0.1.0
Check: dependencies in R code
Result: NOTE
Namespace in Imports field not imported from: ‘nlme’
All declared Imports should be used.
Flavors: r-devel-linux-x86_64-fedora-clang, r-devel-linux-x86_64-fedora-gcc