Last updated on 2024-05-14 18:49:42 CEST.
Flavor | Version | Tinstall | Tcheck | Ttotal | Status | Flags |
---|---|---|---|---|---|---|
r-devel-linux-x86_64-debian-clang | 2.2.3 | 15.80 | 46.53 | 62.33 | NOTE | |
r-devel-linux-x86_64-debian-gcc | 2.2.3 | 11.28 | 35.89 | 47.17 | NOTE | |
r-devel-linux-x86_64-fedora-clang | 2.2.3 | 85.66 | NOTE | |||
r-devel-linux-x86_64-fedora-gcc | 2.2.3 | 139.48 | NOTE | |||
r-devel-windows-x86_64 | 2.2.3 | 14.00 | 83.00 | 97.00 | NOTE | |
r-patched-linux-x86_64 | 2.2.3 | 15.53 | 44.42 | 59.95 | NOTE | |
r-release-linux-x86_64 | 2.2.3 | 14.55 | 44.10 | 58.65 | NOTE | |
r-release-macos-arm64 | 2.2.3 | 32.00 | NOTE | |||
r-release-windows-x86_64 | 2.2.3 | 14.00 | 86.00 | 100.00 | NOTE | |
r-oldrel-macos-arm64 | 2.2.3 | 104.00 | OK | |||
r-oldrel-macos-x86_64 | 2.2.3 | 105.00 | OK | |||
r-oldrel-windows-x86_64 | 2.2.3 | 16.00 | 89.00 | 105.00 | OK |
Version: 2.2.3
Check: Rd files
Result: NOTE
checkRd: (-1) parse_beast_output_files.Rd:23: Lost braces
23 | item{\code{estimates}: parameter estimates}
| ^
checkRd: (-1) parse_beast_output_files.Rd:24-28: Lost braces
24 | item{
| ^
checkRd: (-1) parse_beast_output_files.Rd:29-31: Lost braces
29 | item{\code{operators}: the BEAST2 MCMC operator
| ^
checkRd: (-1) parse_beast_posterior.Rd:28: Lost braces
28 | item{\code{estimates}: parameter estimates}
| ^
checkRd: (-1) parse_beast_posterior.Rd:29-33: Lost braces
29 | item{
| ^
Flavors: r-devel-linux-x86_64-debian-clang, r-devel-linux-x86_64-debian-gcc, r-devel-linux-x86_64-fedora-clang, r-devel-linux-x86_64-fedora-gcc, r-devel-windows-x86_64, r-patched-linux-x86_64, r-release-linux-x86_64, r-release-macos-arm64, r-release-windows-x86_64