Last updated on 2024-06-10 06:50:20 CEST.
Flavor | Version | Tinstall | Tcheck | Ttotal | Status | Flags |
---|---|---|---|---|---|---|
r-devel-linux-x86_64-debian-clang | 0.7-13 | 36.48 | 76.59 | 113.07 | NOTE | |
r-devel-linux-x86_64-debian-gcc | 0.7-13 | 25.33 | 58.41 | 83.74 | NOTE | |
r-devel-linux-x86_64-fedora-clang | 0.7-13 | 155.72 | NOTE | |||
r-devel-linux-x86_64-fedora-gcc | 0.7-13 | 163.27 | NOTE | |||
r-devel-windows-x86_64 | 0.7-13 | 34.00 | 136.00 | 170.00 | NOTE | |
r-patched-linux-x86_64 | 0.7-13 | 32.94 | 74.12 | 107.06 | NOTE | |
r-release-linux-x86_64 | 0.7-13 | 30.56 | 73.99 | 104.55 | NOTE | |
r-release-macos-arm64 | 0.7-13 | 76.00 | NOTE | |||
r-release-macos-x86_64 | 0.7-13 | 103.00 | NOTE | |||
r-release-windows-x86_64 | 0.7-13 | 33.00 | 144.00 | 177.00 | NOTE | |
r-oldrel-macos-arm64 | 0.7-13 | 82.00 | NOTE | |||
r-oldrel-macos-x86_64 | 0.7-13 | 181.00 | NOTE | |||
r-oldrel-windows-x86_64 | 0.7-13 | 40.00 | 141.00 | 181.00 | NOTE |
Version: 0.7-13
Check: package dependencies
Result: NOTE
Packages suggested but not available for checking:
'Rcampdf', 'tm.lexicon.GeneralInquirer'
Flavors: r-devel-linux-x86_64-debian-clang, r-devel-linux-x86_64-debian-gcc, r-devel-linux-x86_64-fedora-clang, r-devel-linux-x86_64-fedora-gcc, r-patched-linux-x86_64, r-release-linux-x86_64, r-release-macos-arm64, r-release-macos-x86_64, r-oldrel-macos-arm64, r-oldrel-macos-x86_64
Version: 0.7-13
Check: Rd cross-references
Result: NOTE
Undeclared packages ‘tm.plugin.dc’, ‘readtext’, ‘graph’, ‘tau’, ‘tokenizers’ in Rd xrefs
Flavor: r-devel-linux-x86_64-fedora-clang
Version: 0.7-13
Check: package dependencies
Result: NOTE
Packages suggested but not available for checking:
'Rcampdf', 'Rpoppler', 'tm.lexicon.GeneralInquirer'
Flavors: r-devel-windows-x86_64, r-release-windows-x86_64, r-oldrel-windows-x86_64