Last updated on 2024-05-14 18:49:42 CEST.
Flavor | Version | Tinstall | Tcheck | Ttotal | Status | Flags |
---|---|---|---|---|---|---|
r-devel-linux-x86_64-debian-clang | 1.39 | 10.44 | 70.03 | 80.47 | NOTE | |
r-devel-linux-x86_64-debian-gcc | 1.39 | 7.98 | 50.09 | 58.07 | NOTE | |
r-devel-linux-x86_64-fedora-clang | 1.39 | 100.63 | NOTE | |||
r-devel-linux-x86_64-fedora-gcc | 1.39 | 101.68 | NOTE | |||
r-devel-windows-x86_64 | 1.39 | 12.00 | 81.00 | 93.00 | NOTE | |
r-patched-linux-x86_64 | 1.39 | 12.78 | 50.12 | 62.90 | NOTE | |
r-release-linux-x86_64 | 1.39 | 9.77 | 63.13 | 72.90 | NOTE | |
r-release-macos-arm64 | 1.39 | 29.00 | NOTE | |||
r-release-windows-x86_64 | 1.39 | 12.00 | 79.00 | 91.00 | NOTE | |
r-oldrel-macos-arm64 | 1.39 | 29.00 | OK | |||
r-oldrel-macos-x86_64 | 1.39 | 47.00 | OK | |||
r-oldrel-windows-x86_64 | 1.39 | 15.00 | 92.00 | 107.00 | OK |
Version: 1.39
Check: Rd files
Result: NOTE
checkRd: (-1) tierChart.Rd:332: Lost braces
332 | If the input argument code{boxes} is \code{F}, the \code{lBox},
| ^
Flavors: r-devel-linux-x86_64-debian-clang, r-devel-linux-x86_64-debian-gcc, r-devel-linux-x86_64-fedora-clang, r-devel-linux-x86_64-fedora-gcc, r-devel-windows-x86_64, r-patched-linux-x86_64, r-release-linux-x86_64, r-release-macos-arm64, r-release-windows-x86_64