Last updated on 2024-05-14 18:49:41 CEST.
Flavor | Version | Tinstall | Tcheck | Ttotal | Status | Flags |
---|---|---|---|---|---|---|
r-devel-linux-x86_64-debian-clang | 0.1.0 | 2.97 | 44.17 | 47.14 | NOTE | |
r-devel-linux-x86_64-debian-gcc | 0.1.0 | 2.44 | 33.22 | 35.66 | NOTE | |
r-devel-linux-x86_64-fedora-clang | 0.1.0 | 61.13 | NOTE | |||
r-devel-linux-x86_64-fedora-gcc | 0.1.0 | 78.41 | NOTE | |||
r-devel-windows-x86_64 | 0.1.0 | 4.00 | 61.00 | 65.00 | NOTE | |
r-patched-linux-x86_64 | 0.1.0 | 2.08 | 43.64 | 45.72 | NOTE | |
r-release-linux-x86_64 | 0.1.0 | 2.11 | 43.44 | 45.55 | NOTE | |
r-release-macos-arm64 | 0.1.0 | 29.00 | NOTE | |||
r-release-windows-x86_64 | 0.1.0 | 4.00 | 62.00 | 66.00 | NOTE | |
r-oldrel-macos-arm64 | 0.1.0 | 32.00 | OK | |||
r-oldrel-macos-x86_64 | 0.1.0 | 44.00 | OK | |||
r-oldrel-windows-x86_64 | 0.1.0 | 5.00 | 62.00 | 67.00 | OK |
Version: 0.1.0
Check: Rd files
Result: NOTE
checkRd: (-1) bin_cols.Rd:50: Lost braces in \itemize; meant \describe ?
checkRd: (-1) bin_cols.Rd:51: Lost braces in \itemize; meant \describe ?
checkRd: (-1) bin_cols.Rd:52: Lost braces in \itemize; meant \describe ?
checkRd: (-1) bin_cols.Rd:53: Lost braces in \itemize; meant \describe ?
checkRd: (-1) bin_cols.Rd:54: Lost braces in \itemize; meant \describe ?
checkRd: (-1) bin_cols.Rd:55: Lost braces in \itemize; meant \describe ?
checkRd: (-1) bin_cols.Rd:56: Lost braces in \itemize; meant \describe ?
checkRd: (-1) bin_cols.Rd:57: Lost braces in \itemize; meant \describe ?
checkRd: (-1) bin_cols.Rd:58: Lost braces in \itemize; meant \describe ?
Flavors: r-devel-linux-x86_64-debian-clang, r-devel-linux-x86_64-debian-gcc, r-devel-linux-x86_64-fedora-clang, r-devel-linux-x86_64-fedora-gcc, r-devel-windows-x86_64, r-patched-linux-x86_64, r-release-linux-x86_64, r-release-macos-arm64, r-release-windows-x86_64
Version: 0.1.0
Check: dependencies in R code
Result: NOTE
Namespaces in Imports field not imported from:
‘badger’ ‘ggplot2’ ‘lubridate’ ‘scales’ ‘xgboost’
All declared Imports should be used.
Flavors: r-devel-linux-x86_64-fedora-clang, r-devel-linux-x86_64-fedora-gcc