Last updated on 2024-06-10 06:50:20 CEST.
Flavor | Version | Tinstall | Tcheck | Ttotal | Status | Flags |
---|---|---|---|---|---|---|
r-devel-linux-x86_64-debian-clang | 4.2.0 | 27.08 | 610.05 | 637.13 | NOTE | |
r-devel-linux-x86_64-debian-gcc | 4.2.0 | 23.17 | 431.59 | 454.76 | NOTE | |
r-devel-linux-x86_64-fedora-clang | 4.2.0 | 746.28 | NOTE | |||
r-devel-linux-x86_64-fedora-gcc | 4.2.0 | 734.18 | NOTE | |||
r-devel-windows-x86_64 | 4.2.0 | 30.00 | 288.00 | 318.00 | NOTE | --no-vignettes |
r-patched-linux-x86_64 | 4.2.0 | 35.29 | 579.54 | 614.83 | NOTE | |
r-release-linux-x86_64 | 4.2.0 | 18.32 | 567.52 | 585.84 | NOTE | |
r-release-macos-arm64 | 4.2.0 | 149.00 | NOTE | |||
r-release-macos-x86_64 | 4.2.0 | 233.00 | NOTE | |||
r-release-windows-x86_64 | 4.2.0 | 28.00 | 283.00 | 311.00 | NOTE | --no-vignettes |
r-oldrel-macos-arm64 | 4.2.0 | 163.00 | OK | |||
r-oldrel-macos-x86_64 | 4.2.0 | 310.00 | OK | |||
r-oldrel-windows-x86_64 | 4.2.0 | 35.00 | 298.00 | 333.00 | OK | --no-vignettes |
Version: 4.2.0
Check: Rd files
Result: NOTE
checkRd: (-1) NEWS.Rd:427: Lost braces; missing escapes or markup?
427 | \item Changes to \code{simulate.stergm} parameters: addition of \code{duration.dependent} parameter: {Logical: Whether the model terms in formula or model are duration dependent. E.g., if a duration-dependent term is used in estimation/simulation model, the probability of forming or dissolving a tie may dependent on the age the dyad status. If TRUE, the matrix of tie ages will be allocated.}
| ^
checkRd: (-1) discordBDStratTNT-ergmProposal-9267ec8b.Rd:18: Lost braces
18 | code{\link[ergm:blocks-ergmConstraint]{blocks}} constraints and
| ^
checkRd: (-1) discordTNT-ergmProposal-bc75dff0.Rd:9: Lost braces
9 | code{discordance_fraction} of proposed toggles being made on the set of discordant dyads,
| ^
Flavors: r-devel-linux-x86_64-debian-clang, r-devel-linux-x86_64-debian-gcc, r-devel-linux-x86_64-fedora-clang, r-devel-linux-x86_64-fedora-gcc, r-patched-linux-x86_64, r-release-linux-x86_64, r-release-macos-arm64, r-release-macos-x86_64
Version: 4.2.0
Flags: --no-vignettes
Check: Rd files
Result: NOTE
checkRd: (-1) NEWS.Rd:427: Lost braces; missing escapes or markup?
427 | \item Changes to \code{simulate.stergm} parameters: addition of \code{duration.dependent} parameter: {Logical: Whether the model terms in formula or model are duration dependent. E.g., if a duration-dependent term is used in estimation/simulation model, the probability of forming or dissolving a tie may dependent on the age the dyad status. If TRUE, the matrix of tie ages will be allocated.}
| ^
checkRd: (-1) discordBDStratTNT-ergmProposal-9267ec8b.Rd:18: Lost braces
18 | code{\link[ergm:blocks-ergmConstraint]{blocks}} constraints and
| ^
checkRd: (-1) discordTNT-ergmProposal-bc75dff0.Rd:9: Lost braces
9 | code{discordance_fraction} of proposed toggles being made on the set of discordant dyads,
| ^
Flavors: r-devel-windows-x86_64, r-release-windows-x86_64