Last updated on 2024-06-10 06:50:20 CEST.
Flavor | Version | Tinstall | Tcheck | Ttotal | Status | Flags |
---|---|---|---|---|---|---|
r-devel-linux-x86_64-debian-clang | 0.2.3 | 247.79 | 41.71 | 289.50 | OK | |
r-devel-linux-x86_64-debian-gcc | 0.2.3 | 151.91 | 31.78 | 183.69 | OK | |
r-devel-linux-x86_64-fedora-clang | 0.2.3 | 461.26 | OK | |||
r-devel-linux-x86_64-fedora-gcc | 0.2.3 | 430.61 | OK | |||
r-devel-windows-x86_64 | 0.2.3 | 181.00 | 74.00 | 255.00 | OK | |
r-patched-linux-x86_64 | 0.2.3 | 190.07 | 40.49 | 230.56 | OK | |
r-release-linux-x86_64 | 0.2.3 | 185.65 | 39.86 | 225.51 | OK | |
r-release-macos-arm64 | 0.2.3 | 69.00 | OK | |||
r-release-macos-x86_64 | 0.2.3 | 73.00 | OK | |||
r-release-windows-x86_64 | 0.2.3 | 181.00 | 75.00 | 256.00 | OK | |
r-oldrel-macos-arm64 | 0.2.3 | 88.00 | NOTE | |||
r-oldrel-macos-x86_64 | 0.2.3 | 152.00 | OK | |||
r-oldrel-windows-x86_64 | 0.2.3 | 224.00 | 88.00 | 312.00 | OK |
Version: 0.2.3
Check: installed package size
Result: NOTE
installed size is 5.0Mb
sub-directories of 1Mb or more:
libs 4.9Mb
Flavor: r-oldrel-macos-arm64