Last updated on 2024-05-14 18:49:40 CEST.
Flavor | Version | Tinstall | Tcheck | Ttotal | Status | Flags |
---|---|---|---|---|---|---|
r-devel-linux-x86_64-debian-clang | 1.0.2 | 6.77 | 223.91 | 230.68 | NOTE | |
r-devel-linux-x86_64-debian-gcc | 1.0.2 | 4.38 | 162.46 | 166.84 | NOTE | |
r-devel-linux-x86_64-fedora-clang | 1.0.2 | 280.34 | NOTE | |||
r-devel-linux-x86_64-fedora-gcc | 1.0.2 | 343.23 | NOTE | |||
r-devel-windows-x86_64 | 1.0.2 | 7.00 | 177.00 | 184.00 | NOTE | |
r-patched-linux-x86_64 | 1.0.2 | 5.46 | 210.31 | 215.77 | NOTE | |
r-release-linux-x86_64 | 1.0.2 | 4.54 | 217.15 | 221.69 | NOTE | |
r-release-macos-arm64 | 1.0.2 | 84.00 | NOTE | |||
r-release-windows-x86_64 | 1.0.2 | 8.00 | 182.00 | 190.00 | NOTE | |
r-oldrel-macos-arm64 | 1.0.2 | 94.00 | OK | |||
r-oldrel-macos-x86_64 | 1.0.2 | 150.00 | OK | |||
r-oldrel-windows-x86_64 | 1.0.2 | 9.00 | 222.00 | 231.00 | OK |
Version: 1.0.2
Check: Rd files
Result: NOTE
checkRd: (-1) plot.QTLMPP.Rd:33-34: Lost braces in \itemize; meant \describe ?
checkRd: (-1) plot.QTLMPP.Rd:35: Lost braces in \itemize; meant \describe ?
checkRd: (-1) plot.QTLMPP.Rd:36: Lost braces in \itemize; meant \describe ?
checkRd: (-1) plot.QTLMPP.Rd:37-38: Lost braces in \itemize; meant \describe ?
checkRd: (-1) plot.gDataMPP.Rd:40: Lost braces in \itemize; meant \describe ?
checkRd: (-1) plot.gDataMPP.Rd:41-42: Lost braces in \itemize; meant \describe ?
checkRd: (-1) plot.gDataMPP.Rd:43-44: Lost braces in \itemize; meant \describe ?
checkRd: (-1) plot.gDataMPP.Rd:45-46: Lost braces in \itemize; meant \describe ?
Flavors: r-devel-linux-x86_64-debian-clang, r-devel-linux-x86_64-debian-gcc, r-devel-linux-x86_64-fedora-clang, r-devel-linux-x86_64-fedora-gcc, r-devel-windows-x86_64, r-patched-linux-x86_64, r-release-linux-x86_64, r-release-macos-arm64, r-release-windows-x86_64