Last updated on 2024-06-10 06:50:19 CEST.
Flavor | Version | Tinstall | Tcheck | Ttotal | Status | Flags |
---|---|---|---|---|---|---|
r-devel-linux-x86_64-debian-clang | 1.4.0 | 220.70 | 202.61 | 423.31 | OK | |
r-devel-linux-x86_64-debian-gcc | 1.4.0 | 149.03 | 141.57 | 290.60 | OK | |
r-devel-linux-x86_64-fedora-clang | 1.4.0 | 579.66 | NOTE | |||
r-devel-linux-x86_64-fedora-gcc | 1.4.0 | 615.29 | NOTE | |||
r-devel-windows-x86_64 | 1.4.0 | 163.00 | 389.00 | 552.00 | OK | |
r-patched-linux-x86_64 | 1.4.0 | 184.92 | 192.03 | 376.95 | OK | |
r-release-linux-x86_64 | 1.4.0 | 188.73 | 195.70 | 384.43 | OK | |
r-release-macos-arm64 | 1.4.0 | 226.00 | NOTE | |||
r-release-macos-x86_64 | 1.4.0 | 307.00 | NOTE | |||
r-release-windows-x86_64 | 1.4.0 | 160.00 | 432.00 | 592.00 | OK | |
r-oldrel-macos-arm64 | 1.4.0 | 235.00 | NOTE | |||
r-oldrel-macos-x86_64 | 1.4.0 | 314.00 | NOTE | |||
r-oldrel-windows-x86_64 | 1.4.0 | 195.00 | 426.00 | 621.00 | OK |
Version: 1.4.0
Check: data for non-ASCII characters
Result: NOTE
Note: found 189 marked UTF-8 strings
Flavors: r-devel-linux-x86_64-fedora-clang, r-devel-linux-x86_64-fedora-gcc
Version: 1.4.0
Check: installed package size
Result: NOTE
installed size is 17.3Mb
sub-directories of 1Mb or more:
libs 16.2Mb
Flavors: r-release-macos-arm64, r-release-macos-x86_64, r-oldrel-macos-arm64, r-oldrel-macos-x86_64