Last updated on 2024-06-10 06:50:19 CEST.
Flavor | Version | Tinstall | Tcheck | Ttotal | Status | Flags |
---|---|---|---|---|---|---|
r-devel-linux-x86_64-debian-clang | 2.0.0 | 2.95 | 31.96 | 34.91 | OK | |
r-devel-linux-x86_64-debian-gcc | 2.0.0 | 2.62 | 24.81 | 27.43 | OK | |
r-devel-linux-x86_64-fedora-clang | 2.0.0 | 44.37 | NOTE | |||
r-devel-linux-x86_64-fedora-gcc | 2.0.0 | 40.87 | NOTE | |||
r-devel-windows-x86_64 | 2.0.0 | 5.00 | 50.00 | 55.00 | OK | |
r-patched-linux-x86_64 | 2.0.0 | 2.65 | 30.11 | 32.76 | OK | |
r-release-linux-x86_64 | 2.0.0 | 2.63 | 30.81 | 33.44 | OK | |
r-release-macos-arm64 | 2.0.0 | 18.00 | OK | |||
r-release-macos-x86_64 | 2.0.0 | 27.00 | OK | |||
r-release-windows-x86_64 | 2.0.0 | 5.00 | 58.00 | 63.00 | OK | |
r-oldrel-macos-arm64 | 2.0.0 | 23.00 | OK | |||
r-oldrel-macos-x86_64 | 2.0.0 | 34.00 | OK | |||
r-oldrel-windows-x86_64 | 2.0.0 | 5.00 | 53.00 | 58.00 | OK |
Version: 2.0.0
Check: dependencies in R code
Result: NOTE
Namespaces in Imports field not imported from:
‘glue’ ‘httptest’
All declared Imports should be used.
Flavors: r-devel-linux-x86_64-fedora-clang, r-devel-linux-x86_64-fedora-gcc