Last updated on 2024-05-14 18:49:38 CEST.
Flavor | Version | Tinstall | Tcheck | Ttotal | Status | Flags |
---|---|---|---|---|---|---|
r-devel-linux-x86_64-debian-clang | 2.6.0 | 3.72 | 34.86 | 38.58 | OK | |
r-devel-linux-x86_64-debian-gcc | 2.6.0 | 2.60 | 26.43 | 29.03 | OK | |
r-devel-linux-x86_64-fedora-clang | 2.6.0 | 52.55 | OK | |||
r-devel-linux-x86_64-fedora-gcc | 2.6.0 | 72.89 | OK | |||
r-devel-windows-x86_64 | 2.6.0 | 25.00 | 221.00 | 246.00 | NOTE | |
r-patched-linux-x86_64 | 2.6.0 | 3.22 | 32.99 | 36.21 | OK | |
r-release-linux-x86_64 | 2.6.0 | 3.81 | 33.92 | 37.73 | OK | |
r-release-macos-arm64 | 2.6.0 | 38.00 | NOTE | |||
r-release-windows-x86_64 | 2.6.0 | 28.00 | 234.00 | 262.00 | NOTE | |
r-oldrel-macos-arm64 | 2.6.0 | 43.00 | NOTE | |||
r-oldrel-macos-x86_64 | 2.6.0 | 92.00 | NOTE | |||
r-oldrel-windows-x86_64 | 2.6.0 | 29.00 | 272.00 | 301.00 | NOTE |
Version: 2.6.0
Check: installed package size
Result: NOTE
installed size is 19.1Mb
sub-directories of 1Mb or more:
libs 18.7Mb
Flavors: r-devel-windows-x86_64, r-release-macos-arm64, r-release-windows-x86_64, r-oldrel-macos-arm64, r-oldrel-macos-x86_64, r-oldrel-windows-x86_64