Last updated on 2024-06-10 06:50:16 CEST.
Flavor | Version | Tinstall | Tcheck | Ttotal | Status | Flags |
---|---|---|---|---|---|---|
r-devel-linux-x86_64-debian-clang | 2.3.11 | 62.04 | 163.99 | 226.03 | OK | |
r-devel-linux-x86_64-debian-gcc | 2.3.11 | 41.59 | 109.97 | 151.56 | OK | |
r-devel-linux-x86_64-fedora-clang | 2.3.11 | 306.29 | OK | |||
r-devel-linux-x86_64-fedora-gcc | 2.3.11 | 290.33 | OK | |||
r-devel-windows-x86_64 | 2.3.11 | 48.00 | 181.00 | 229.00 | NOTE | |
r-patched-linux-x86_64 | 2.3.11 | 54.41 | 145.12 | 199.53 | OK | |
r-release-linux-x86_64 | 2.3.11 | 51.78 | 141.29 | 193.07 | OK | |
r-release-macos-arm64 | 2.3.11 | 82.00 | NOTE | |||
r-release-macos-x86_64 | 2.3.11 | 120.00 | NOTE | |||
r-release-windows-x86_64 | 2.3.11 | 47.00 | 206.00 | 253.00 | NOTE | |
r-oldrel-macos-arm64 | 2.3.11 | 83.00 | NOTE | |||
r-oldrel-macos-x86_64 | 2.3.11 | 187.00 | NOTE | |||
r-oldrel-windows-x86_64 | 2.3.11 | 57.00 | 212.00 | 269.00 | NOTE |
Version: 2.3.11
Check: installed package size
Result: NOTE
installed size is 5.6Mb
sub-directories of 1Mb or more:
doc 3.9Mb
libs 1.4Mb
Flavors: r-devel-windows-x86_64, r-release-macos-arm64, r-release-macos-x86_64, r-release-windows-x86_64, r-oldrel-macos-arm64, r-oldrel-macos-x86_64, r-oldrel-windows-x86_64