Last updated on 2024-06-10 06:50:16 CEST.
Flavor | Version | Tinstall | Tcheck | Ttotal | Status | Flags |
---|---|---|---|---|---|---|
r-devel-linux-x86_64-debian-clang | 0.3.0 | 87.87 | 75.41 | 163.28 | OK | |
r-devel-linux-x86_64-debian-gcc | 0.3.0 | 58.95 | 57.36 | 116.31 | OK | |
r-devel-linux-x86_64-fedora-clang | 0.3.0 | 219.54 | OK | |||
r-devel-linux-x86_64-fedora-gcc | 0.3.0 | 239.52 | OK | |||
r-devel-windows-x86_64 | 0.3.0 | 61.00 | 119.00 | 180.00 | OK | |
r-patched-linux-x86_64 | 0.3.0 | 70.53 | 70.66 | 141.19 | OK | |
r-release-linux-x86_64 | 0.3.0 | 71.09 | 71.85 | 142.94 | OK | |
r-release-macos-arm64 | 0.3.0 | 54.00 | NOTE | |||
r-release-macos-x86_64 | 0.3.0 | 69.00 | NOTE | |||
r-release-windows-x86_64 | 0.3.0 | 64.00 | 104.00 | 168.00 | OK | |
r-oldrel-macos-arm64 | 0.3.0 | 63.00 | NOTE | |||
r-oldrel-macos-x86_64 | 0.3.0 | 90.00 | NOTE | |||
r-oldrel-windows-x86_64 | 0.3.0 | 80.00 | 112.00 | 192.00 | OK |
Version: 0.3.0
Check: installed package size
Result: NOTE
installed size is 5.1Mb
sub-directories of 1Mb or more:
doc 2.5Mb
libs 2.5Mb
Flavors: r-release-macos-arm64, r-release-macos-x86_64, r-oldrel-macos-arm64, r-oldrel-macos-x86_64