Last updated on 2024-06-10 06:50:16 CEST.
Flavor | Version | Tinstall | Tcheck | Ttotal | Status | Flags |
---|---|---|---|---|---|---|
r-devel-linux-x86_64-debian-clang | 0.32.2 | 528.22 | 102.25 | 630.47 | OK | |
r-devel-linux-x86_64-debian-gcc | 0.32.2 | 341.94 | 75.19 | 417.13 | OK | |
r-devel-linux-x86_64-fedora-clang | 0.32.2 | 895.33 | OK | |||
r-devel-linux-x86_64-fedora-gcc | 0.32.2 | 950.12 | OK | |||
r-devel-windows-x86_64 | 0.32.2 | 404.00 | 155.00 | 559.00 | OK | |
r-patched-linux-x86_64 | 0.32.2 | 440.88 | 100.60 | 541.48 | OK | |
r-release-linux-x86_64 | 0.32.2 | 333.58 | 95.86 | 429.44 | OK | |
r-release-macos-arm64 | 0.32.2 | 146.00 | NOTE | |||
r-release-macos-x86_64 | 0.32.2 | 162.00 | NOTE | |||
r-release-windows-x86_64 | 0.32.2 | 419.00 | 147.00 | 566.00 | OK | |
r-oldrel-macos-arm64 | 0.32.2 | 158.00 | NOTE | |||
r-oldrel-macos-x86_64 | 0.32.2 | 164.00 | NOTE | |||
r-oldrel-windows-x86_64 | 0.32.2 | 490.00 | 173.00 | 663.00 | OK |
Version: 0.32.2
Check: installed package size
Result: NOTE
installed size is 20.9Mb
sub-directories of 1Mb or more:
libs 20.2Mb
Flavors: r-release-macos-arm64, r-release-macos-x86_64, r-oldrel-macos-arm64, r-oldrel-macos-x86_64