Last updated on 2024-06-10 06:50:16 CEST.
Flavor | Version | Tinstall | Tcheck | Ttotal | Status | Flags |
---|---|---|---|---|---|---|
r-devel-linux-x86_64-debian-clang | 2.0.2.3.1 | 5.37 | 30.00 | 35.37 | OK | |
r-devel-linux-x86_64-debian-gcc | 2.0.2.3.1 | 4.51 | 24.32 | 28.83 | OK | |
r-devel-linux-x86_64-fedora-clang | 2.0.2.3.1 | 47.61 | NOTE | |||
r-devel-linux-x86_64-fedora-gcc | 2.0.2.3.1 | 57.38 | NOTE | |||
r-devel-windows-x86_64 | 2.0.2.3.1 | 6.00 | 51.00 | 57.00 | OK | |
r-patched-linux-x86_64 | 2.0.2.3.1 | 5.70 | 29.63 | 35.33 | OK | |
r-release-linux-x86_64 | 2.0.2.3.1 | 5.17 | 28.77 | 33.94 | OK | |
r-release-macos-arm64 | 2.0.2.3.1 | 26.00 | OK | |||
r-release-macos-x86_64 | 2.0.2.3.1 | 37.00 | OK | |||
r-release-windows-x86_64 | 2.0.2.3.1 | 7.00 | 52.00 | 59.00 | OK | |
r-oldrel-macos-arm64 | 2.0.2.3.1 | 25.00 | OK | |||
r-oldrel-macos-x86_64 | 2.0.2.3.1 | 55.00 | OK | |||
r-oldrel-windows-x86_64 | 2.0.2.3.1 | 8.00 | 52.00 | 60.00 | OK |
Version: 2.0.2.3.1
Check: dependencies in R code
Result: NOTE
Namespaces in Imports field not imported from:
‘quickcode’ ‘stats’ ‘utils’
All declared Imports should be used.
Flavors: r-devel-linux-x86_64-fedora-clang, r-devel-linux-x86_64-fedora-gcc
Version: 2.0.2.3.1
Check: data for non-ASCII characters
Result: NOTE
Note: found 6 marked Latin-1 strings
Note: found 347 marked UTF-8 strings
Flavors: r-devel-linux-x86_64-fedora-clang, r-devel-linux-x86_64-fedora-gcc